{"id":1572,"date":"2024-08-16T16:36:25","date_gmt":"2024-08-16T21:36:25","guid":{"rendered":"https:\/\/tecnnova.org\/portafolio-de-capacidades\/?post_type=product&#038;p=1572"},"modified":"2024-08-16T16:36:29","modified_gmt":"2024-08-16T21:36:29","slug":"fabricar-biomateriales-biodegradables-mediante-el-uso-de-hongos-ligninoliticos-y-residuos-agroindustriales","status":"publish","type":"product","link":"https:\/\/tecnnova.org\/portafolio-de-capacidades\/naturaleza-y-recursos\/fabricar-biomateriales-biodegradables-con-hongos-y-residuos\/","title":{"rendered":"Fabricar biomateriales biodegradables mediante el uso de hongos ligninol\u00edticos y residuos agroindustriales"},"content":{"rendered":"<p>Sostenibilidad y Ecolog\u00eda: Proporciona una soluci\u00f3n ecol\u00f3gica para transformar residuos agroindustriales en biomateriales biodegradables, ayudando a reducir la contaminaci\u00f3n por pl\u00e1sticos de un solo uso. Versatilidad de Aplicaciones: Los biomateriales producidos tienen diversas aplicaciones potenciales, como sustitutos de empaques pl\u00e1sticos, ladrillos, y aislantes ac\u00fasticos y t\u00e9rmicos. Validaci\u00f3n T\u00e9cnica: Validaci\u00f3n t\u00e9cnica en laboratorio que demuestra la capacidad de los hongos ligninol\u00edticos para transformar residuos agroindustriales en biomateriales. Beneficios Ambientales: Consideraci\u00f3n de los beneficios ambientales, como la reducci\u00f3n de residuos pl\u00e1sticos y la valorizaci\u00f3n de residuos agroindustriales, promoviendo una econom\u00eda circular.<\/p>\n","protected":false},"excerpt":{"rendered":"<p>Sostenibilidad y Ecolog\u00eda: Proporciona una soluci\u00f3n ecol\u00f3gica para transformar residuos agroindustriales en biomateriales biodegradables, ayudando a reducir la contaminaci\u00f3n por pl\u00e1sticos de un solo uso. Versatilidad de Aplicaciones: Los biomateriales producidos tienen diversas aplicaciones potenciales, como sustitutos de empaques pl\u00e1sticos, ladrillos, y aislantes ac\u00fasticos y t\u00e9rmicos. Validaci\u00f3n T\u00e9cnica: Validaci\u00f3n t\u00e9cnica en laboratorio que demuestra la [&hellip;]<\/p>\n","protected":false},"featured_media":903,"template":"","meta":{"_acf_changed":false},"product_cat":[2579],"product_tag":[3031,3032,3033,3034,3035,2712,3036,2965,3037,3038,2626,2578],"class_list":{"0":"post-1572","1":"product","2":"type-product","3":"status-publish","4":"has-post-thumbnail","6":"product_cat-naturaleza-y-recursos","7":"product_tag-aplicaciones-industriales","8":"product_tag-biologia-ambiental","9":"product_tag-biomateriales-biodegradables","10":"product_tag-biopolimer","11":"product_tag-desarrollo-biotecnologico","12":"product_tag-fabricar","13":"product_tag-hongos-ligninoliticos","14":"product_tag-innovacion-tecnologica","15":"product_tag-materiales-ecologicos","16":"product_tag-residuos-agroindustriales","17":"product_tag-sostenibilidad","18":"product_tag-tecnnova","20":"first","21":"instock","22":"shipping-taxable","23":"product-type-simple"},"acf":[],"yoast_head":"<!-- This site is optimized with the Yoast SEO plugin v23.3 - https:\/\/yoast.com\/wordpress\/plugins\/seo\/ -->\n<title>Fabricar biomateriales biodegradables mediante el uso de hongos ligninol\u00edticos y residuos agroindustriales - Portafolio de capacidades - Tecnnova<\/title>\n<meta name=\"robots\" content=\"index, follow, max-snippet:-1, max-image-preview:large, max-video-preview:-1\" \/>\n<link rel=\"canonical\" href=\"https:\/\/tecnnova.org\/portafolio-de-capacidades\/naturaleza-y-recursos\/fabricar-biomateriales-biodegradables-con-hongos-y-residuos\/\" \/>\n<meta property=\"og:locale\" content=\"es_ES\" \/>\n<meta property=\"og:type\" content=\"article\" \/>\n<meta property=\"og:title\" content=\"Fabricar biomateriales biodegradables mediante el uso de hongos ligninol\u00edticos y residuos agroindustriales - Portafolio de capacidades - Tecnnova\" \/>\n<meta property=\"og:description\" content=\"Sostenibilidad y Ecolog\u00eda: Proporciona una soluci\u00f3n ecol\u00f3gica para transformar residuos agroindustriales en biomateriales biodegradables, ayudando a reducir la contaminaci\u00f3n por pl\u00e1sticos de un solo uso. Versatilidad de Aplicaciones: Los biomateriales producidos tienen diversas aplicaciones potenciales, como sustitutos de empaques pl\u00e1sticos, ladrillos, y aislantes ac\u00fasticos y t\u00e9rmicos. Validaci\u00f3n T\u00e9cnica: Validaci\u00f3n t\u00e9cnica en laboratorio que demuestra la [&hellip;]\" \/>\n<meta property=\"og:url\" content=\"https:\/\/tecnnova.org\/portafolio-de-capacidades\/naturaleza-y-recursos\/fabricar-biomateriales-biodegradables-con-hongos-y-residuos\/\" \/>\n<meta property=\"og:site_name\" content=\"Portafolio de capacidades - Tecnnova\" \/>\n<meta property=\"article:publisher\" content=\"https:\/\/www.facebook.com\/Tecnnova_UEE-637591033015381\" \/>\n<meta property=\"article:modified_time\" content=\"2024-08-16T21:36:29+00:00\" \/>\n<meta property=\"og:image\" content=\"https:\/\/tecnnova.org\/portafolio-de-capacidades\/wp-content\/uploads\/2024\/08\/iconnaturalezayrecursos.png\" \/>\n\t<meta property=\"og:image:width\" content=\"100\" \/>\n\t<meta property=\"og:image:height\" content=\"100\" \/>\n\t<meta property=\"og:image:type\" content=\"image\/png\" \/>\n<meta name=\"twitter:card\" content=\"summary_large_image\" \/>\n<meta name=\"twitter:site\" content=\"@Tecnnova_UEE\" \/>\n<meta name=\"twitter:label1\" content=\"Tiempo de lectura\" \/>\n\t<meta name=\"twitter:data1\" content=\"1 minuto\" \/>\n<script type=\"application\/ld+json\" class=\"yoast-schema-graph\">{\"@context\":\"https:\/\/schema.org\",\"@graph\":[{\"@type\":\"WebPage\",\"@id\":\"https:\/\/tecnnova.org\/portafolio-de-capacidades\/naturaleza-y-recursos\/fabricar-biomateriales-biodegradables-con-hongos-y-residuos\/\",\"url\":\"https:\/\/tecnnova.org\/portafolio-de-capacidades\/naturaleza-y-recursos\/fabricar-biomateriales-biodegradables-con-hongos-y-residuos\/\",\"name\":\"Fabricar biomateriales biodegradables mediante el uso de hongos ligninol\u00edticos y residuos agroindustriales - Portafolio de capacidades - Tecnnova\",\"isPartOf\":{\"@id\":\"https:\/\/tecnnova.org\/portafolio-de-capacidades\/#website\"},\"primaryImageOfPage\":{\"@id\":\"https:\/\/tecnnova.org\/portafolio-de-capacidades\/naturaleza-y-recursos\/fabricar-biomateriales-biodegradables-con-hongos-y-residuos\/#primaryimage\"},\"image\":{\"@id\":\"https:\/\/tecnnova.org\/portafolio-de-capacidades\/naturaleza-y-recursos\/fabricar-biomateriales-biodegradables-con-hongos-y-residuos\/#primaryimage\"},\"thumbnailUrl\":\"https:\/\/tecnnova.org\/portafolio-de-capacidades\/wp-content\/uploads\/2024\/08\/iconnaturalezayrecursos.png\",\"datePublished\":\"2024-08-16T21:36:25+00:00\",\"dateModified\":\"2024-08-16T21:36:29+00:00\",\"breadcrumb\":{\"@id\":\"https:\/\/tecnnova.org\/portafolio-de-capacidades\/naturaleza-y-recursos\/fabricar-biomateriales-biodegradables-con-hongos-y-residuos\/#breadcrumb\"},\"inLanguage\":\"es-CO\",\"potentialAction\":[{\"@type\":\"ReadAction\",\"target\":[\"https:\/\/tecnnova.org\/portafolio-de-capacidades\/naturaleza-y-recursos\/fabricar-biomateriales-biodegradables-con-hongos-y-residuos\/\"]}]},{\"@type\":\"ImageObject\",\"inLanguage\":\"es-CO\",\"@id\":\"https:\/\/tecnnova.org\/portafolio-de-capacidades\/naturaleza-y-recursos\/fabricar-biomateriales-biodegradables-con-hongos-y-residuos\/#primaryimage\",\"url\":\"https:\/\/tecnnova.org\/portafolio-de-capacidades\/wp-content\/uploads\/2024\/08\/iconnaturalezayrecursos.png\",\"contentUrl\":\"https:\/\/tecnnova.org\/portafolio-de-capacidades\/wp-content\/uploads\/2024\/08\/iconnaturalezayrecursos.png\",\"width\":100,\"height\":100},{\"@type\":\"BreadcrumbList\",\"@id\":\"https:\/\/tecnnova.org\/portafolio-de-capacidades\/naturaleza-y-recursos\/fabricar-biomateriales-biodegradables-con-hongos-y-residuos\/#breadcrumb\",\"itemListElement\":[{\"@type\":\"ListItem\",\"position\":1,\"name\":\"Inicio\",\"item\":\"https:\/\/tecnnova.org\/portafolio-de-capacidades\/\"},{\"@type\":\"ListItem\",\"position\":2,\"name\":\"Portafolio de Capacidades\",\"item\":\"https:\/\/tecnnova.org\/portafolio-de-capacidades\/\"},{\"@type\":\"ListItem\",\"position\":3,\"name\":\"Fabricar biomateriales biodegradables mediante el uso de hongos ligninol\u00edticos y residuos agroindustriales\"}]},{\"@type\":\"WebSite\",\"@id\":\"https:\/\/tecnnova.org\/portafolio-de-capacidades\/#website\",\"url\":\"https:\/\/tecnnova.org\/portafolio-de-capacidades\/\",\"name\":\"Portafolio de capacidades - Tecnnova\",\"description\":\"\",\"publisher\":{\"@id\":\"https:\/\/tecnnova.org\/portafolio-de-capacidades\/#organization\"},\"potentialAction\":[{\"@type\":\"SearchAction\",\"target\":{\"@type\":\"EntryPoint\",\"urlTemplate\":\"https:\/\/tecnnova.org\/portafolio-de-capacidades\/?s={search_term_string}\"},\"query-input\":\"required name=search_term_string\"}],\"inLanguage\":\"es-CO\"},{\"@type\":\"Organization\",\"@id\":\"https:\/\/tecnnova.org\/portafolio-de-capacidades\/#organization\",\"name\":\"Portafolio de capacidades - Tecnnova\",\"url\":\"https:\/\/tecnnova.org\/portafolio-de-capacidades\/\",\"logo\":{\"@type\":\"ImageObject\",\"inLanguage\":\"es-CO\",\"@id\":\"https:\/\/tecnnova.org\/portafolio-de-capacidades\/#\/schema\/logo\/image\/\",\"url\":\"https:\/\/tecnnova.org\/portafolio-de-capacidades\/wp-content\/uploads\/2024\/07\/cropped-TECNNOVA-2022-02.png\",\"contentUrl\":\"https:\/\/tecnnova.org\/portafolio-de-capacidades\/wp-content\/uploads\/2024\/07\/cropped-TECNNOVA-2022-02.png\",\"width\":1609,\"height\":428,\"caption\":\"Portafolio de capacidades - Tecnnova\"},\"image\":{\"@id\":\"https:\/\/tecnnova.org\/portafolio-de-capacidades\/#\/schema\/logo\/image\/\"},\"sameAs\":[\"https:\/\/www.facebook.com\/Tecnnova_UEE-637591033015381\",\"https:\/\/x.com\/Tecnnova_UEE\"]}]}<\/script>\n<!-- \/ Yoast SEO plugin. -->","yoast_head_json":{"title":"Fabricar biomateriales biodegradables mediante el uso de hongos ligninol\u00edticos y residuos agroindustriales - Portafolio de capacidades - Tecnnova","robots":{"index":"index","follow":"follow","max-snippet":"max-snippet:-1","max-image-preview":"max-image-preview:large","max-video-preview":"max-video-preview:-1"},"canonical":"https:\/\/tecnnova.org\/portafolio-de-capacidades\/naturaleza-y-recursos\/fabricar-biomateriales-biodegradables-con-hongos-y-residuos\/","og_locale":"es_ES","og_type":"article","og_title":"Fabricar biomateriales biodegradables mediante el uso de hongos ligninol\u00edticos y residuos agroindustriales - Portafolio de capacidades - Tecnnova","og_description":"Sostenibilidad y Ecolog\u00eda: Proporciona una soluci\u00f3n ecol\u00f3gica para transformar residuos agroindustriales en biomateriales biodegradables, ayudando a reducir la contaminaci\u00f3n por pl\u00e1sticos de un solo uso. Versatilidad de Aplicaciones: Los biomateriales producidos tienen diversas aplicaciones potenciales, como sustitutos de empaques pl\u00e1sticos, ladrillos, y aislantes ac\u00fasticos y t\u00e9rmicos. Validaci\u00f3n T\u00e9cnica: Validaci\u00f3n t\u00e9cnica en laboratorio que demuestra la [&hellip;]","og_url":"https:\/\/tecnnova.org\/portafolio-de-capacidades\/naturaleza-y-recursos\/fabricar-biomateriales-biodegradables-con-hongos-y-residuos\/","og_site_name":"Portafolio de capacidades - Tecnnova","article_publisher":"https:\/\/www.facebook.com\/Tecnnova_UEE-637591033015381","article_modified_time":"2024-08-16T21:36:29+00:00","og_image":[{"width":100,"height":100,"url":"https:\/\/tecnnova.org\/portafolio-de-capacidades\/wp-content\/uploads\/2024\/08\/iconnaturalezayrecursos.png","type":"image\/png"}],"twitter_card":"summary_large_image","twitter_site":"@Tecnnova_UEE","twitter_misc":{"Tiempo de lectura":"1 minuto"},"schema":{"@context":"https:\/\/schema.org","@graph":[{"@type":"WebPage","@id":"https:\/\/tecnnova.org\/portafolio-de-capacidades\/naturaleza-y-recursos\/fabricar-biomateriales-biodegradables-con-hongos-y-residuos\/","url":"https:\/\/tecnnova.org\/portafolio-de-capacidades\/naturaleza-y-recursos\/fabricar-biomateriales-biodegradables-con-hongos-y-residuos\/","name":"Fabricar biomateriales biodegradables mediante el uso de hongos ligninol\u00edticos y residuos agroindustriales - Portafolio de capacidades - Tecnnova","isPartOf":{"@id":"https:\/\/tecnnova.org\/portafolio-de-capacidades\/#website"},"primaryImageOfPage":{"@id":"https:\/\/tecnnova.org\/portafolio-de-capacidades\/naturaleza-y-recursos\/fabricar-biomateriales-biodegradables-con-hongos-y-residuos\/#primaryimage"},"image":{"@id":"https:\/\/tecnnova.org\/portafolio-de-capacidades\/naturaleza-y-recursos\/fabricar-biomateriales-biodegradables-con-hongos-y-residuos\/#primaryimage"},"thumbnailUrl":"https:\/\/tecnnova.org\/portafolio-de-capacidades\/wp-content\/uploads\/2024\/08\/iconnaturalezayrecursos.png","datePublished":"2024-08-16T21:36:25+00:00","dateModified":"2024-08-16T21:36:29+00:00","breadcrumb":{"@id":"https:\/\/tecnnova.org\/portafolio-de-capacidades\/naturaleza-y-recursos\/fabricar-biomateriales-biodegradables-con-hongos-y-residuos\/#breadcrumb"},"inLanguage":"es-CO","potentialAction":[{"@type":"ReadAction","target":["https:\/\/tecnnova.org\/portafolio-de-capacidades\/naturaleza-y-recursos\/fabricar-biomateriales-biodegradables-con-hongos-y-residuos\/"]}]},{"@type":"ImageObject","inLanguage":"es-CO","@id":"https:\/\/tecnnova.org\/portafolio-de-capacidades\/naturaleza-y-recursos\/fabricar-biomateriales-biodegradables-con-hongos-y-residuos\/#primaryimage","url":"https:\/\/tecnnova.org\/portafolio-de-capacidades\/wp-content\/uploads\/2024\/08\/iconnaturalezayrecursos.png","contentUrl":"https:\/\/tecnnova.org\/portafolio-de-capacidades\/wp-content\/uploads\/2024\/08\/iconnaturalezayrecursos.png","width":100,"height":100},{"@type":"BreadcrumbList","@id":"https:\/\/tecnnova.org\/portafolio-de-capacidades\/naturaleza-y-recursos\/fabricar-biomateriales-biodegradables-con-hongos-y-residuos\/#breadcrumb","itemListElement":[{"@type":"ListItem","position":1,"name":"Inicio","item":"https:\/\/tecnnova.org\/portafolio-de-capacidades\/"},{"@type":"ListItem","position":2,"name":"Portafolio de Capacidades","item":"https:\/\/tecnnova.org\/portafolio-de-capacidades\/"},{"@type":"ListItem","position":3,"name":"Fabricar biomateriales biodegradables mediante el uso de hongos ligninol\u00edticos y residuos agroindustriales"}]},{"@type":"WebSite","@id":"https:\/\/tecnnova.org\/portafolio-de-capacidades\/#website","url":"https:\/\/tecnnova.org\/portafolio-de-capacidades\/","name":"Portafolio de capacidades - Tecnnova","description":"","publisher":{"@id":"https:\/\/tecnnova.org\/portafolio-de-capacidades\/#organization"},"potentialAction":[{"@type":"SearchAction","target":{"@type":"EntryPoint","urlTemplate":"https:\/\/tecnnova.org\/portafolio-de-capacidades\/?s={search_term_string}"},"query-input":"required name=search_term_string"}],"inLanguage":"es-CO"},{"@type":"Organization","@id":"https:\/\/tecnnova.org\/portafolio-de-capacidades\/#organization","name":"Portafolio de capacidades - Tecnnova","url":"https:\/\/tecnnova.org\/portafolio-de-capacidades\/","logo":{"@type":"ImageObject","inLanguage":"es-CO","@id":"https:\/\/tecnnova.org\/portafolio-de-capacidades\/#\/schema\/logo\/image\/","url":"https:\/\/tecnnova.org\/portafolio-de-capacidades\/wp-content\/uploads\/2024\/07\/cropped-TECNNOVA-2022-02.png","contentUrl":"https:\/\/tecnnova.org\/portafolio-de-capacidades\/wp-content\/uploads\/2024\/07\/cropped-TECNNOVA-2022-02.png","width":1609,"height":428,"caption":"Portafolio de capacidades - Tecnnova"},"image":{"@id":"https:\/\/tecnnova.org\/portafolio-de-capacidades\/#\/schema\/logo\/image\/"},"sameAs":["https:\/\/www.facebook.com\/Tecnnova_UEE-637591033015381","https:\/\/x.com\/Tecnnova_UEE"]}]}},"_links":{"self":[{"href":"https:\/\/tecnnova.org\/portafolio-de-capacidades\/wp-json\/wp\/v2\/product\/1572","targetHints":{"allow":["GET"]}}],"collection":[{"href":"https:\/\/tecnnova.org\/portafolio-de-capacidades\/wp-json\/wp\/v2\/product"}],"about":[{"href":"https:\/\/tecnnova.org\/portafolio-de-capacidades\/wp-json\/wp\/v2\/types\/product"}],"version-history":[{"count":1,"href":"https:\/\/tecnnova.org\/portafolio-de-capacidades\/wp-json\/wp\/v2\/product\/1572\/revisions"}],"predecessor-version":[{"id":1602,"href":"https:\/\/tecnnova.org\/portafolio-de-capacidades\/wp-json\/wp\/v2\/product\/1572\/revisions\/1602"}],"wp:featuredmedia":[{"embeddable":true,"href":"https:\/\/tecnnova.org\/portafolio-de-capacidades\/wp-json\/wp\/v2\/media\/903"}],"wp:attachment":[{"href":"https:\/\/tecnnova.org\/portafolio-de-capacidades\/wp-json\/wp\/v2\/media?parent=1572"}],"wp:term":[{"taxonomy":"product_cat","embeddable":true,"href":"https:\/\/tecnnova.org\/portafolio-de-capacidades\/wp-json\/wp\/v2\/product_cat?post=1572"},{"taxonomy":"product_tag","embeddable":true,"href":"https:\/\/tecnnova.org\/portafolio-de-capacidades\/wp-json\/wp\/v2\/product_tag?post=1572"}],"curies":[{"name":"wp","href":"https:\/\/api.w.org\/{rel}","templated":true}]}}