{"id":2058,"date":"2024-08-16T16:37:27","date_gmt":"2024-08-16T21:37:27","guid":{"rendered":"https:\/\/tecnnova.org\/portafolio-de-capacidades\/?post_type=product&#038;p=2058"},"modified":"2024-08-16T16:37:32","modified_gmt":"2024-08-16T21:37:32","slug":"estudiar-la-salud-fisica-y-mental-positivas-a-nivel-individual-grupal-y-empresarial-orientada-al-mejoramiento-de-las-capacidades-humanas-en-lo-individual-grupal-y-organizacional-en-aspectos-tales-c","status":"publish","type":"product","link":"https:\/\/tecnnova.org\/portafolio-de-capacidades\/salud-y-vida\/estudio-de-salud-f\u00edsica-y-mental-en-diversos-niveles\/","title":{"rendered":"Estudiar la Salud f\u00edsica y mental positivas a nivel individual, grupal y empresarial: Orientada al mejoramiento de las capacidades humanas en lo individual, grupal y organizacional en aspectos tales como: el manejo de la atenci\u00f3n y niveles de alerta, aumento de la productividad, mejor\u00eda del desempe\u00f1o, reducci\u00f3n y control de estados emocionales negativos y manejo del estr\u00e9s. Se sustenta en el uso de bio-psicometria para evaluar e intervenir en procesos psicol\u00f3gicos asociados al rendimiento, la productividad y el ajuste funcional a contextos de desempe\u00f1o m\u00faltiples."},"content":{"rendered":"<p>Laboratorio de neurociencia<\/p>\n","protected":false},"excerpt":{"rendered":"<p>Laboratorio de neurociencia<\/p>\n","protected":false},"featured_media":902,"template":"","meta":{"_acf_changed":false},"product_cat":[2566],"product_tag":[4466,4442,4467,3336,4449,4468,4469,4470,4471,4472,4473,4452,4453,3431,4474,4475,4476,4454,2578,4477],"class_list":{"0":"post-2058","1":"product","2":"type-product","3":"status-publish","4":"has-post-thumbnail","6":"product_cat-salud-y-vida","7":"product_tag-ajuste-funcional-a-contextos-de-desempeno","8":"product_tag-clinico","9":"product_tag-control-de-estados-emocionales","10":"product_tag-fisica","11":"product_tag-gippcs","12":"product_tag-manejo-de-estres","13":"product_tag-manejo-de-la-atencion","14":"product_tag-mejoramiento-de-capacidades-humanas","15":"product_tag-mejoria-del-desempeno","16":"product_tag-niveles-de-alerta","17":"product_tag-productividad","18":"product_tag-psicologia","19":"product_tag-psicosocial","20":"product_tag-rendimiento","21":"product_tag-salud-fisica-y-mental","22":"product_tag-salud-fisica-y-mental-grupal-y-empresarial","23":"product_tag-salud-fisica-y-mental-individual","24":"product_tag-social","25":"product_tag-tecnnova","26":"product_tag-uso-de-bio-psicometria","28":"first","29":"instock","30":"shipping-taxable","31":"product-type-simple"},"acf":[],"yoast_head":"<!-- This site is optimized with the Yoast SEO plugin v23.3 - https:\/\/yoast.com\/wordpress\/plugins\/seo\/ -->\n<title>Estudiar la Salud f\u00edsica y mental positivas a nivel individual, grupal y empresarial: Orientada al mejoramiento de las capacidades humanas en lo individual, grupal y organizacional en aspectos tales como: el manejo de la atenci\u00f3n y niveles de alerta, aumento de la productividad, mejor\u00eda del desempe\u00f1o, reducci\u00f3n y control de estados emocionales negativos y manejo del estr\u00e9s. Se sustenta en el uso de bio-psicometria para evaluar e intervenir en procesos psicol\u00f3gicos asociados al rendimiento, la productividad y el ajuste funcional a contextos de desempe\u00f1o m\u00faltiples. - Portafolio de capacidades - Tecnnova<\/title>\n<meta name=\"robots\" content=\"index, follow, max-snippet:-1, max-image-preview:large, max-video-preview:-1\" \/>\n<link rel=\"canonical\" href=\"https:\/\/tecnnova.org\/portafolio-de-capacidades\/salud-y-vida\/estudio-de-salud-f\u00edsica-y-mental-en-diversos-niveles\/\" \/>\n<meta property=\"og:locale\" content=\"es_ES\" \/>\n<meta property=\"og:type\" content=\"article\" \/>\n<meta property=\"og:title\" content=\"Estudiar la Salud f\u00edsica y mental positivas a nivel individual, grupal y empresarial: Orientada al mejoramiento de las capacidades humanas en lo individual, grupal y organizacional en aspectos tales como: el manejo de la atenci\u00f3n y niveles de alerta, aumento de la productividad, mejor\u00eda del desempe\u00f1o, reducci\u00f3n y control de estados emocionales negativos y manejo del estr\u00e9s. Se sustenta en el uso de bio-psicometria para evaluar e intervenir en procesos psicol\u00f3gicos asociados al rendimiento, la productividad y el ajuste funcional a contextos de desempe\u00f1o m\u00faltiples. - Portafolio de capacidades - Tecnnova\" \/>\n<meta property=\"og:description\" content=\"Laboratorio de neurociencia\" \/>\n<meta property=\"og:url\" content=\"https:\/\/tecnnova.org\/portafolio-de-capacidades\/salud-y-vida\/estudio-de-salud-f\u00edsica-y-mental-en-diversos-niveles\/\" \/>\n<meta property=\"og:site_name\" content=\"Portafolio de capacidades - Tecnnova\" \/>\n<meta property=\"article:publisher\" content=\"https:\/\/www.facebook.com\/Tecnnova_UEE-637591033015381\" \/>\n<meta property=\"article:modified_time\" content=\"2024-08-16T21:37:32+00:00\" \/>\n<meta property=\"og:image\" content=\"https:\/\/tecnnova.org\/portafolio-de-capacidades\/wp-content\/uploads\/2024\/08\/iconsaludyvida.png\" \/>\n\t<meta property=\"og:image:width\" content=\"100\" \/>\n\t<meta property=\"og:image:height\" content=\"100\" \/>\n\t<meta property=\"og:image:type\" content=\"image\/png\" \/>\n<meta name=\"twitter:card\" content=\"summary_large_image\" \/>\n<meta name=\"twitter:site\" content=\"@Tecnnova_UEE\" \/>\n<script type=\"application\/ld+json\" class=\"yoast-schema-graph\">{\"@context\":\"https:\/\/schema.org\",\"@graph\":[{\"@type\":\"WebPage\",\"@id\":\"https:\/\/tecnnova.org\/portafolio-de-capacidades\/salud-y-vida\/estudio-de-salud-f\u00edsica-y-mental-en-diversos-niveles\/\",\"url\":\"https:\/\/tecnnova.org\/portafolio-de-capacidades\/salud-y-vida\/estudio-de-salud-f\u00edsica-y-mental-en-diversos-niveles\/\",\"name\":\"Estudiar la Salud f\u00edsica y mental positivas a nivel individual, grupal y empresarial: Orientada al mejoramiento de las capacidades humanas en lo individual, grupal y organizacional en aspectos tales como: el manejo de la atenci\u00f3n y niveles de alerta, aumento de la productividad, mejor\u00eda del desempe\u00f1o, reducci\u00f3n y control de estados emocionales negativos y manejo del estr\u00e9s. Se sustenta en el uso de bio-psicometria para evaluar e intervenir en procesos psicol\u00f3gicos asociados al rendimiento, la productividad y el ajuste funcional a contextos de desempe\u00f1o m\u00faltiples. - Portafolio de capacidades - Tecnnova\",\"isPartOf\":{\"@id\":\"https:\/\/tecnnova.org\/portafolio-de-capacidades\/#website\"},\"primaryImageOfPage\":{\"@id\":\"https:\/\/tecnnova.org\/portafolio-de-capacidades\/salud-y-vida\/estudio-de-salud-f\u00edsica-y-mental-en-diversos-niveles\/#primaryimage\"},\"image\":{\"@id\":\"https:\/\/tecnnova.org\/portafolio-de-capacidades\/salud-y-vida\/estudio-de-salud-f\u00edsica-y-mental-en-diversos-niveles\/#primaryimage\"},\"thumbnailUrl\":\"https:\/\/tecnnova.org\/portafolio-de-capacidades\/wp-content\/uploads\/2024\/08\/iconsaludyvida.png\",\"datePublished\":\"2024-08-16T21:37:27+00:00\",\"dateModified\":\"2024-08-16T21:37:32+00:00\",\"breadcrumb\":{\"@id\":\"https:\/\/tecnnova.org\/portafolio-de-capacidades\/salud-y-vida\/estudio-de-salud-f\u00edsica-y-mental-en-diversos-niveles\/#breadcrumb\"},\"inLanguage\":\"es-CO\",\"potentialAction\":[{\"@type\":\"ReadAction\",\"target\":[\"https:\/\/tecnnova.org\/portafolio-de-capacidades\/salud-y-vida\/estudio-de-salud-f\u00edsica-y-mental-en-diversos-niveles\/\"]}]},{\"@type\":\"ImageObject\",\"inLanguage\":\"es-CO\",\"@id\":\"https:\/\/tecnnova.org\/portafolio-de-capacidades\/salud-y-vida\/estudio-de-salud-f\u00edsica-y-mental-en-diversos-niveles\/#primaryimage\",\"url\":\"https:\/\/tecnnova.org\/portafolio-de-capacidades\/wp-content\/uploads\/2024\/08\/iconsaludyvida.png\",\"contentUrl\":\"https:\/\/tecnnova.org\/portafolio-de-capacidades\/wp-content\/uploads\/2024\/08\/iconsaludyvida.png\",\"width\":100,\"height\":100},{\"@type\":\"BreadcrumbList\",\"@id\":\"https:\/\/tecnnova.org\/portafolio-de-capacidades\/salud-y-vida\/estudio-de-salud-f\u00edsica-y-mental-en-diversos-niveles\/#breadcrumb\",\"itemListElement\":[{\"@type\":\"ListItem\",\"position\":1,\"name\":\"Inicio\",\"item\":\"https:\/\/tecnnova.org\/portafolio-de-capacidades\/\"},{\"@type\":\"ListItem\",\"position\":2,\"name\":\"Portafolio de Capacidades\",\"item\":\"https:\/\/tecnnova.org\/portafolio-de-capacidades\/\"},{\"@type\":\"ListItem\",\"position\":3,\"name\":\"Estudiar la Salud f\u00edsica y mental positivas a nivel individual, grupal y empresarial: Orientada al mejoramiento de las capacidades humanas en lo individual, grupal y organizacional en aspectos tales como: el manejo de la atenci\u00f3n y niveles de alerta, aumento de la productividad, mejor\u00eda del desempe\u00f1o, reducci\u00f3n y control de estados emocionales negativos y manejo del estr\u00e9s. Se sustenta en el uso de bio-psicometria para evaluar e intervenir en procesos psicol\u00f3gicos asociados al rendimiento, la productividad y el ajuste funcional a contextos de desempe\u00f1o m\u00faltiples.\"}]},{\"@type\":\"WebSite\",\"@id\":\"https:\/\/tecnnova.org\/portafolio-de-capacidades\/#website\",\"url\":\"https:\/\/tecnnova.org\/portafolio-de-capacidades\/\",\"name\":\"Portafolio de capacidades - Tecnnova\",\"description\":\"\",\"publisher\":{\"@id\":\"https:\/\/tecnnova.org\/portafolio-de-capacidades\/#organization\"},\"potentialAction\":[{\"@type\":\"SearchAction\",\"target\":{\"@type\":\"EntryPoint\",\"urlTemplate\":\"https:\/\/tecnnova.org\/portafolio-de-capacidades\/?s={search_term_string}\"},\"query-input\":\"required name=search_term_string\"}],\"inLanguage\":\"es-CO\"},{\"@type\":\"Organization\",\"@id\":\"https:\/\/tecnnova.org\/portafolio-de-capacidades\/#organization\",\"name\":\"Portafolio de capacidades - Tecnnova\",\"url\":\"https:\/\/tecnnova.org\/portafolio-de-capacidades\/\",\"logo\":{\"@type\":\"ImageObject\",\"inLanguage\":\"es-CO\",\"@id\":\"https:\/\/tecnnova.org\/portafolio-de-capacidades\/#\/schema\/logo\/image\/\",\"url\":\"https:\/\/tecnnova.org\/portafolio-de-capacidades\/wp-content\/uploads\/2024\/07\/cropped-TECNNOVA-2022-02.png\",\"contentUrl\":\"https:\/\/tecnnova.org\/portafolio-de-capacidades\/wp-content\/uploads\/2024\/07\/cropped-TECNNOVA-2022-02.png\",\"width\":1609,\"height\":428,\"caption\":\"Portafolio de capacidades - Tecnnova\"},\"image\":{\"@id\":\"https:\/\/tecnnova.org\/portafolio-de-capacidades\/#\/schema\/logo\/image\/\"},\"sameAs\":[\"https:\/\/www.facebook.com\/Tecnnova_UEE-637591033015381\",\"https:\/\/x.com\/Tecnnova_UEE\"]}]}<\/script>\n<!-- \/ Yoast SEO plugin. -->","yoast_head_json":{"title":"Estudiar la Salud f\u00edsica y mental positivas a nivel individual, grupal y empresarial: Orientada al mejoramiento de las capacidades humanas en lo individual, grupal y organizacional en aspectos tales como: el manejo de la atenci\u00f3n y niveles de alerta, aumento de la productividad, mejor\u00eda del desempe\u00f1o, reducci\u00f3n y control de estados emocionales negativos y manejo del estr\u00e9s. Se sustenta en el uso de bio-psicometria para evaluar e intervenir en procesos psicol\u00f3gicos asociados al rendimiento, la productividad y el ajuste funcional a contextos de desempe\u00f1o m\u00faltiples. - Portafolio de capacidades - Tecnnova","robots":{"index":"index","follow":"follow","max-snippet":"max-snippet:-1","max-image-preview":"max-image-preview:large","max-video-preview":"max-video-preview:-1"},"canonical":"https:\/\/tecnnova.org\/portafolio-de-capacidades\/salud-y-vida\/estudio-de-salud-f\u00edsica-y-mental-en-diversos-niveles\/","og_locale":"es_ES","og_type":"article","og_title":"Estudiar la Salud f\u00edsica y mental positivas a nivel individual, grupal y empresarial: Orientada al mejoramiento de las capacidades humanas en lo individual, grupal y organizacional en aspectos tales como: el manejo de la atenci\u00f3n y niveles de alerta, aumento de la productividad, mejor\u00eda del desempe\u00f1o, reducci\u00f3n y control de estados emocionales negativos y manejo del estr\u00e9s. Se sustenta en el uso de bio-psicometria para evaluar e intervenir en procesos psicol\u00f3gicos asociados al rendimiento, la productividad y el ajuste funcional a contextos de desempe\u00f1o m\u00faltiples. - Portafolio de capacidades - Tecnnova","og_description":"Laboratorio de neurociencia","og_url":"https:\/\/tecnnova.org\/portafolio-de-capacidades\/salud-y-vida\/estudio-de-salud-f\u00edsica-y-mental-en-diversos-niveles\/","og_site_name":"Portafolio de capacidades - Tecnnova","article_publisher":"https:\/\/www.facebook.com\/Tecnnova_UEE-637591033015381","article_modified_time":"2024-08-16T21:37:32+00:00","og_image":[{"width":100,"height":100,"url":"https:\/\/tecnnova.org\/portafolio-de-capacidades\/wp-content\/uploads\/2024\/08\/iconsaludyvida.png","type":"image\/png"}],"twitter_card":"summary_large_image","twitter_site":"@Tecnnova_UEE","schema":{"@context":"https:\/\/schema.org","@graph":[{"@type":"WebPage","@id":"https:\/\/tecnnova.org\/portafolio-de-capacidades\/salud-y-vida\/estudio-de-salud-f\u00edsica-y-mental-en-diversos-niveles\/","url":"https:\/\/tecnnova.org\/portafolio-de-capacidades\/salud-y-vida\/estudio-de-salud-f\u00edsica-y-mental-en-diversos-niveles\/","name":"Estudiar la Salud f\u00edsica y mental positivas a nivel individual, grupal y empresarial: Orientada al mejoramiento de las capacidades humanas en lo individual, grupal y organizacional en aspectos tales como: el manejo de la atenci\u00f3n y niveles de alerta, aumento de la productividad, mejor\u00eda del desempe\u00f1o, reducci\u00f3n y control de estados emocionales negativos y manejo del estr\u00e9s. Se sustenta en el uso de bio-psicometria para evaluar e intervenir en procesos psicol\u00f3gicos asociados al rendimiento, la productividad y el ajuste funcional a contextos de desempe\u00f1o m\u00faltiples. - Portafolio de capacidades - Tecnnova","isPartOf":{"@id":"https:\/\/tecnnova.org\/portafolio-de-capacidades\/#website"},"primaryImageOfPage":{"@id":"https:\/\/tecnnova.org\/portafolio-de-capacidades\/salud-y-vida\/estudio-de-salud-f\u00edsica-y-mental-en-diversos-niveles\/#primaryimage"},"image":{"@id":"https:\/\/tecnnova.org\/portafolio-de-capacidades\/salud-y-vida\/estudio-de-salud-f\u00edsica-y-mental-en-diversos-niveles\/#primaryimage"},"thumbnailUrl":"https:\/\/tecnnova.org\/portafolio-de-capacidades\/wp-content\/uploads\/2024\/08\/iconsaludyvida.png","datePublished":"2024-08-16T21:37:27+00:00","dateModified":"2024-08-16T21:37:32+00:00","breadcrumb":{"@id":"https:\/\/tecnnova.org\/portafolio-de-capacidades\/salud-y-vida\/estudio-de-salud-f\u00edsica-y-mental-en-diversos-niveles\/#breadcrumb"},"inLanguage":"es-CO","potentialAction":[{"@type":"ReadAction","target":["https:\/\/tecnnova.org\/portafolio-de-capacidades\/salud-y-vida\/estudio-de-salud-f\u00edsica-y-mental-en-diversos-niveles\/"]}]},{"@type":"ImageObject","inLanguage":"es-CO","@id":"https:\/\/tecnnova.org\/portafolio-de-capacidades\/salud-y-vida\/estudio-de-salud-f\u00edsica-y-mental-en-diversos-niveles\/#primaryimage","url":"https:\/\/tecnnova.org\/portafolio-de-capacidades\/wp-content\/uploads\/2024\/08\/iconsaludyvida.png","contentUrl":"https:\/\/tecnnova.org\/portafolio-de-capacidades\/wp-content\/uploads\/2024\/08\/iconsaludyvida.png","width":100,"height":100},{"@type":"BreadcrumbList","@id":"https:\/\/tecnnova.org\/portafolio-de-capacidades\/salud-y-vida\/estudio-de-salud-f\u00edsica-y-mental-en-diversos-niveles\/#breadcrumb","itemListElement":[{"@type":"ListItem","position":1,"name":"Inicio","item":"https:\/\/tecnnova.org\/portafolio-de-capacidades\/"},{"@type":"ListItem","position":2,"name":"Portafolio de Capacidades","item":"https:\/\/tecnnova.org\/portafolio-de-capacidades\/"},{"@type":"ListItem","position":3,"name":"Estudiar la Salud f\u00edsica y mental positivas a nivel individual, grupal y empresarial: Orientada al mejoramiento de las capacidades humanas en lo individual, grupal y organizacional en aspectos tales como: el manejo de la atenci\u00f3n y niveles de alerta, aumento de la productividad, mejor\u00eda del desempe\u00f1o, reducci\u00f3n y control de estados emocionales negativos y manejo del estr\u00e9s. Se sustenta en el uso de bio-psicometria para evaluar e intervenir en procesos psicol\u00f3gicos asociados al rendimiento, la productividad y el ajuste funcional a contextos de desempe\u00f1o m\u00faltiples."}]},{"@type":"WebSite","@id":"https:\/\/tecnnova.org\/portafolio-de-capacidades\/#website","url":"https:\/\/tecnnova.org\/portafolio-de-capacidades\/","name":"Portafolio de capacidades - Tecnnova","description":"","publisher":{"@id":"https:\/\/tecnnova.org\/portafolio-de-capacidades\/#organization"},"potentialAction":[{"@type":"SearchAction","target":{"@type":"EntryPoint","urlTemplate":"https:\/\/tecnnova.org\/portafolio-de-capacidades\/?s={search_term_string}"},"query-input":"required name=search_term_string"}],"inLanguage":"es-CO"},{"@type":"Organization","@id":"https:\/\/tecnnova.org\/portafolio-de-capacidades\/#organization","name":"Portafolio de capacidades - Tecnnova","url":"https:\/\/tecnnova.org\/portafolio-de-capacidades\/","logo":{"@type":"ImageObject","inLanguage":"es-CO","@id":"https:\/\/tecnnova.org\/portafolio-de-capacidades\/#\/schema\/logo\/image\/","url":"https:\/\/tecnnova.org\/portafolio-de-capacidades\/wp-content\/uploads\/2024\/07\/cropped-TECNNOVA-2022-02.png","contentUrl":"https:\/\/tecnnova.org\/portafolio-de-capacidades\/wp-content\/uploads\/2024\/07\/cropped-TECNNOVA-2022-02.png","width":1609,"height":428,"caption":"Portafolio de capacidades - Tecnnova"},"image":{"@id":"https:\/\/tecnnova.org\/portafolio-de-capacidades\/#\/schema\/logo\/image\/"},"sameAs":["https:\/\/www.facebook.com\/Tecnnova_UEE-637591033015381","https:\/\/x.com\/Tecnnova_UEE"]}]}},"_links":{"self":[{"href":"https:\/\/tecnnova.org\/portafolio-de-capacidades\/wp-json\/wp\/v2\/product\/2058","targetHints":{"allow":["GET"]}}],"collection":[{"href":"https:\/\/tecnnova.org\/portafolio-de-capacidades\/wp-json\/wp\/v2\/product"}],"about":[{"href":"https:\/\/tecnnova.org\/portafolio-de-capacidades\/wp-json\/wp\/v2\/types\/product"}],"version-history":[{"count":1,"href":"https:\/\/tecnnova.org\/portafolio-de-capacidades\/wp-json\/wp\/v2\/product\/2058\/revisions"}],"predecessor-version":[{"id":2088,"href":"https:\/\/tecnnova.org\/portafolio-de-capacidades\/wp-json\/wp\/v2\/product\/2058\/revisions\/2088"}],"wp:featuredmedia":[{"embeddable":true,"href":"https:\/\/tecnnova.org\/portafolio-de-capacidades\/wp-json\/wp\/v2\/media\/902"}],"wp:attachment":[{"href":"https:\/\/tecnnova.org\/portafolio-de-capacidades\/wp-json\/wp\/v2\/media?parent=2058"}],"wp:term":[{"taxonomy":"product_cat","embeddable":true,"href":"https:\/\/tecnnova.org\/portafolio-de-capacidades\/wp-json\/wp\/v2\/product_cat?post=2058"},{"taxonomy":"product_tag","embeddable":true,"href":"https:\/\/tecnnova.org\/portafolio-de-capacidades\/wp-json\/wp\/v2\/product_tag?post=2058"}],"curies":[{"name":"wp","href":"https:\/\/api.w.org\/{rel}","templated":true}]}}