{"id":2496,"date":"2024-08-29T15:37:09","date_gmt":"2024-08-29T20:37:09","guid":{"rendered":"https:\/\/tecnnova.org\/portafolio-de-capacidades\/tienda\/sin categor\u00eda\/disenar-estrategias-en-gestion-del-talento-humano-direccionamiento-organizacional-y-gestion-del-emprendimiento\/"},"modified":"2024-08-29T15:37:09","modified_gmt":"2024-08-29T20:37:09","slug":"disenar-estrategias-en-gestion-del-talento-humano-direccionamiento-organizacional-y-gestion-del-emprendimiento","status":"publish","type":"product","link":"https:\/\/tecnnova.org\/portafolio-de-capacidades\/organizaciones-y-territorios-competitivos\/estrategias-en-gestion-del-talento-y-emprendimiento-organizacional\/","title":{"rendered":"Dise\u00f1ar estrategias en gesti\u00f3n del talento humano, direccionamiento organizacional y gesti\u00f3n del emprendimiento"},"content":{"rendered":"<p>Agrega valor al optimizar el talento humano, mejorar la eficiencia organizacional, impulsar el emprendimiento, desarrollar estrategias personalizadas, fomentar la cohesi\u00f3n organizacional, facilitar la planificaci\u00f3n estrat\u00e9gica, desarrollar liderazgo, gestionar el cambio, optimizar recursos, y evaluar y ajustar estrategias para la mejora continua.<\/p>\n","protected":false},"excerpt":{"rendered":"<p>Agrega valor al optimizar el talento humano, mejorar la eficiencia organizacional, impulsar el emprendimiento, desarrollar estrategias personalizadas, fomentar la cohesi\u00f3n organizacional, facilitar la planificaci\u00f3n estrat\u00e9gica, desarrollar liderazgo, gestionar el cambio, optimizar recursos, y evaluar y ajustar estrategias para la mejora continua.<\/p>\n","protected":false},"featured_media":904,"template":"","meta":{"_acf_changed":false},"product_cat":[2925],"product_tag":[5155,5153,4003,5154,5149,5152,5151,5150,3315],"class_list":{"0":"post-2496","1":"product","2":"type-product","3":"status-publish","4":"has-post-thumbnail","6":"product_cat-organizaciones-y-territorios-competitivos","7":"product_tag-crecimiento-empresarial","8":"product_tag-direccion-organizacional","9":"product_tag-emprendimiento","10":"product_tag-gestion-en-emprendimiento","11":"product_tag-gestion-en-talento-humano","12":"product_tag-hr","13":"product_tag-human-resources","14":"product_tag-talento-humano","15":"product_tag-tecnova","17":"first","18":"instock","19":"shipping-taxable","20":"product-type-simple"},"acf":[],"yoast_head":"<!-- This site is optimized with the Yoast SEO plugin v23.3 - https:\/\/yoast.com\/wordpress\/plugins\/seo\/ -->\n<title>Dise\u00f1ar estrategias en gesti\u00f3n del talento humano, direccionamiento organizacional y gesti\u00f3n del emprendimiento - Portafolio de capacidades - Tecnnova<\/title>\n<meta name=\"robots\" content=\"index, follow, max-snippet:-1, max-image-preview:large, max-video-preview:-1\" \/>\n<link rel=\"canonical\" href=\"https:\/\/tecnnova.org\/portafolio-de-capacidades\/tienda\/sin%20categor\u00eda\/disenar-estrategias-en-gestion-del-talento-humano-direccionamiento-organizacional-y-gestion-del-emprendimiento\/\" \/>\n<meta property=\"og:locale\" content=\"es_ES\" \/>\n<meta property=\"og:type\" content=\"article\" \/>\n<meta property=\"og:title\" content=\"Dise\u00f1ar estrategias en gesti\u00f3n del talento humano, direccionamiento organizacional y gesti\u00f3n del emprendimiento - Portafolio de capacidades - Tecnnova\" \/>\n<meta property=\"og:description\" content=\"Agrega valor al optimizar el talento humano, mejorar la eficiencia organizacional, impulsar el emprendimiento, desarrollar estrategias personalizadas, fomentar la cohesi\u00f3n organizacional, facilitar la planificaci\u00f3n estrat\u00e9gica, desarrollar liderazgo, gestionar el cambio, optimizar recursos, y evaluar y ajustar estrategias para la mejora continua.\" \/>\n<meta property=\"og:url\" content=\"https:\/\/tecnnova.org\/portafolio-de-capacidades\/tienda\/sin categor\u00eda\/disenar-estrategias-en-gestion-del-talento-humano-direccionamiento-organizacional-y-gestion-del-emprendimiento\/\" \/>\n<meta property=\"og:site_name\" content=\"Portafolio de capacidades - Tecnnova\" \/>\n<meta property=\"article:publisher\" content=\"https:\/\/www.facebook.com\/Tecnnova_UEE-637591033015381\" \/>\n<meta name=\"twitter:card\" content=\"summary_large_image\" \/>\n<meta name=\"twitter:site\" content=\"@Tecnnova_UEE\" \/>\n<script type=\"application\/ld+json\" class=\"yoast-schema-graph\">{\"@context\":\"https:\/\/schema.org\",\"@graph\":[{\"@type\":\"WebPage\",\"@id\":\"https:\/\/tecnnova.org\/portafolio-de-capacidades\/tienda\/sin categor\u00eda\/disenar-estrategias-en-gestion-del-talento-humano-direccionamiento-organizacional-y-gestion-del-emprendimiento\/\",\"url\":\"https:\/\/tecnnova.org\/portafolio-de-capacidades\/tienda\/sin categor\u00eda\/disenar-estrategias-en-gestion-del-talento-humano-direccionamiento-organizacional-y-gestion-del-emprendimiento\/\",\"name\":\"Dise\u00f1ar estrategias en gesti\u00f3n del talento humano, direccionamiento organizacional y gesti\u00f3n del emprendimiento - Portafolio de capacidades - Tecnnova\",\"isPartOf\":{\"@id\":\"https:\/\/tecnnova.org\/portafolio-de-capacidades\/#website\"},\"primaryImageOfPage\":{\"@id\":\"https:\/\/tecnnova.org\/portafolio-de-capacidades\/tienda\/sin categor\u00eda\/disenar-estrategias-en-gestion-del-talento-humano-direccionamiento-organizacional-y-gestion-del-emprendimiento\/#primaryimage\"},\"image\":{\"@id\":\"https:\/\/tecnnova.org\/portafolio-de-capacidades\/tienda\/sin categor\u00eda\/disenar-estrategias-en-gestion-del-talento-humano-direccionamiento-organizacional-y-gestion-del-emprendimiento\/#primaryimage\"},\"thumbnailUrl\":\"https:\/\/tecnnova.org\/portafolio-de-capacidades\/wp-content\/uploads\/2024\/08\/iconorganizaciones.png\",\"datePublished\":\"2024-08-29T20:37:09+00:00\",\"dateModified\":\"2024-08-29T20:37:09+00:00\",\"breadcrumb\":{\"@id\":\"https:\/\/tecnnova.org\/portafolio-de-capacidades\/tienda\/sin categor\u00eda\/disenar-estrategias-en-gestion-del-talento-humano-direccionamiento-organizacional-y-gestion-del-emprendimiento\/#breadcrumb\"},\"inLanguage\":\"es-CO\",\"potentialAction\":[{\"@type\":\"ReadAction\",\"target\":[\"https:\/\/tecnnova.org\/portafolio-de-capacidades\/tienda\/sin categor\u00eda\/disenar-estrategias-en-gestion-del-talento-humano-direccionamiento-organizacional-y-gestion-del-emprendimiento\/\"]}]},{\"@type\":\"ImageObject\",\"inLanguage\":\"es-CO\",\"@id\":\"https:\/\/tecnnova.org\/portafolio-de-capacidades\/tienda\/sin categor\u00eda\/disenar-estrategias-en-gestion-del-talento-humano-direccionamiento-organizacional-y-gestion-del-emprendimiento\/#primaryimage\",\"url\":\"https:\/\/tecnnova.org\/portafolio-de-capacidades\/wp-content\/uploads\/2024\/08\/iconorganizaciones.png\",\"contentUrl\":\"https:\/\/tecnnova.org\/portafolio-de-capacidades\/wp-content\/uploads\/2024\/08\/iconorganizaciones.png\",\"width\":100,\"height\":100},{\"@type\":\"BreadcrumbList\",\"@id\":\"https:\/\/tecnnova.org\/portafolio-de-capacidades\/tienda\/sin categor\u00eda\/disenar-estrategias-en-gestion-del-talento-humano-direccionamiento-organizacional-y-gestion-del-emprendimiento\/#breadcrumb\",\"itemListElement\":[{\"@type\":\"ListItem\",\"position\":1,\"name\":\"Inicio\",\"item\":\"https:\/\/tecnnova.org\/portafolio-de-capacidades\/\"},{\"@type\":\"ListItem\",\"position\":2,\"name\":\"Portafolio de Capacidades\",\"item\":\"https:\/\/tecnnova.org\/portafolio-de-capacidades\/\"},{\"@type\":\"ListItem\",\"position\":3,\"name\":\"Dise\u00f1ar estrategias en gesti\u00f3n del talento humano, direccionamiento organizacional y gesti\u00f3n del emprendimiento\"}]},{\"@type\":\"WebSite\",\"@id\":\"https:\/\/tecnnova.org\/portafolio-de-capacidades\/#website\",\"url\":\"https:\/\/tecnnova.org\/portafolio-de-capacidades\/\",\"name\":\"Portafolio de capacidades - Tecnnova\",\"description\":\"\",\"publisher\":{\"@id\":\"https:\/\/tecnnova.org\/portafolio-de-capacidades\/#organization\"},\"potentialAction\":[{\"@type\":\"SearchAction\",\"target\":{\"@type\":\"EntryPoint\",\"urlTemplate\":\"https:\/\/tecnnova.org\/portafolio-de-capacidades\/?s={search_term_string}\"},\"query-input\":\"required name=search_term_string\"}],\"inLanguage\":\"es-CO\"},{\"@type\":\"Organization\",\"@id\":\"https:\/\/tecnnova.org\/portafolio-de-capacidades\/#organization\",\"name\":\"Portafolio de capacidades - Tecnnova\",\"url\":\"https:\/\/tecnnova.org\/portafolio-de-capacidades\/\",\"logo\":{\"@type\":\"ImageObject\",\"inLanguage\":\"es-CO\",\"@id\":\"https:\/\/tecnnova.org\/portafolio-de-capacidades\/#\/schema\/logo\/image\/\",\"url\":\"https:\/\/tecnnova.org\/portafolio-de-capacidades\/wp-content\/uploads\/2024\/07\/cropped-TECNNOVA-2022-02.png\",\"contentUrl\":\"https:\/\/tecnnova.org\/portafolio-de-capacidades\/wp-content\/uploads\/2024\/07\/cropped-TECNNOVA-2022-02.png\",\"width\":1609,\"height\":428,\"caption\":\"Portafolio de capacidades - Tecnnova\"},\"image\":{\"@id\":\"https:\/\/tecnnova.org\/portafolio-de-capacidades\/#\/schema\/logo\/image\/\"},\"sameAs\":[\"https:\/\/www.facebook.com\/Tecnnova_UEE-637591033015381\",\"https:\/\/x.com\/Tecnnova_UEE\"]}]}<\/script>\n<!-- \/ Yoast SEO plugin. -->","yoast_head_json":{"title":"Dise\u00f1ar estrategias en gesti\u00f3n del talento humano, direccionamiento organizacional y gesti\u00f3n del emprendimiento - Portafolio de capacidades - Tecnnova","robots":{"index":"index","follow":"follow","max-snippet":"max-snippet:-1","max-image-preview":"max-image-preview:large","max-video-preview":"max-video-preview:-1"},"canonical":"https:\/\/tecnnova.org\/portafolio-de-capacidades\/tienda\/sin categor\u00eda\/disenar-estrategias-en-gestion-del-talento-humano-direccionamiento-organizacional-y-gestion-del-emprendimiento\/","og_locale":"es_ES","og_type":"article","og_title":"Dise\u00f1ar estrategias en gesti\u00f3n del talento humano, direccionamiento organizacional y gesti\u00f3n del emprendimiento - Portafolio de capacidades - Tecnnova","og_description":"Agrega valor al optimizar el talento humano, mejorar la eficiencia organizacional, impulsar el emprendimiento, desarrollar estrategias personalizadas, fomentar la cohesi\u00f3n organizacional, facilitar la planificaci\u00f3n estrat\u00e9gica, desarrollar liderazgo, gestionar el cambio, optimizar recursos, y evaluar y ajustar estrategias para la mejora continua.","og_url":"https:\/\/tecnnova.org\/portafolio-de-capacidades\/tienda\/sin categor\u00eda\/disenar-estrategias-en-gestion-del-talento-humano-direccionamiento-organizacional-y-gestion-del-emprendimiento\/","og_site_name":"Portafolio de capacidades - Tecnnova","article_publisher":"https:\/\/www.facebook.com\/Tecnnova_UEE-637591033015381","twitter_card":"summary_large_image","twitter_site":"@Tecnnova_UEE","schema":{"@context":"https:\/\/schema.org","@graph":[{"@type":"WebPage","@id":"https:\/\/tecnnova.org\/portafolio-de-capacidades\/tienda\/sin categor\u00eda\/disenar-estrategias-en-gestion-del-talento-humano-direccionamiento-organizacional-y-gestion-del-emprendimiento\/","url":"https:\/\/tecnnova.org\/portafolio-de-capacidades\/tienda\/sin categor\u00eda\/disenar-estrategias-en-gestion-del-talento-humano-direccionamiento-organizacional-y-gestion-del-emprendimiento\/","name":"Dise\u00f1ar estrategias en gesti\u00f3n del talento humano, direccionamiento organizacional y gesti\u00f3n del emprendimiento - Portafolio de capacidades - Tecnnova","isPartOf":{"@id":"https:\/\/tecnnova.org\/portafolio-de-capacidades\/#website"},"primaryImageOfPage":{"@id":"https:\/\/tecnnova.org\/portafolio-de-capacidades\/tienda\/sin categor\u00eda\/disenar-estrategias-en-gestion-del-talento-humano-direccionamiento-organizacional-y-gestion-del-emprendimiento\/#primaryimage"},"image":{"@id":"https:\/\/tecnnova.org\/portafolio-de-capacidades\/tienda\/sin categor\u00eda\/disenar-estrategias-en-gestion-del-talento-humano-direccionamiento-organizacional-y-gestion-del-emprendimiento\/#primaryimage"},"thumbnailUrl":"https:\/\/tecnnova.org\/portafolio-de-capacidades\/wp-content\/uploads\/2024\/08\/iconorganizaciones.png","datePublished":"2024-08-29T20:37:09+00:00","dateModified":"2024-08-29T20:37:09+00:00","breadcrumb":{"@id":"https:\/\/tecnnova.org\/portafolio-de-capacidades\/tienda\/sin categor\u00eda\/disenar-estrategias-en-gestion-del-talento-humano-direccionamiento-organizacional-y-gestion-del-emprendimiento\/#breadcrumb"},"inLanguage":"es-CO","potentialAction":[{"@type":"ReadAction","target":["https:\/\/tecnnova.org\/portafolio-de-capacidades\/tienda\/sin categor\u00eda\/disenar-estrategias-en-gestion-del-talento-humano-direccionamiento-organizacional-y-gestion-del-emprendimiento\/"]}]},{"@type":"ImageObject","inLanguage":"es-CO","@id":"https:\/\/tecnnova.org\/portafolio-de-capacidades\/tienda\/sin categor\u00eda\/disenar-estrategias-en-gestion-del-talento-humano-direccionamiento-organizacional-y-gestion-del-emprendimiento\/#primaryimage","url":"https:\/\/tecnnova.org\/portafolio-de-capacidades\/wp-content\/uploads\/2024\/08\/iconorganizaciones.png","contentUrl":"https:\/\/tecnnova.org\/portafolio-de-capacidades\/wp-content\/uploads\/2024\/08\/iconorganizaciones.png","width":100,"height":100},{"@type":"BreadcrumbList","@id":"https:\/\/tecnnova.org\/portafolio-de-capacidades\/tienda\/sin categor\u00eda\/disenar-estrategias-en-gestion-del-talento-humano-direccionamiento-organizacional-y-gestion-del-emprendimiento\/#breadcrumb","itemListElement":[{"@type":"ListItem","position":1,"name":"Inicio","item":"https:\/\/tecnnova.org\/portafolio-de-capacidades\/"},{"@type":"ListItem","position":2,"name":"Portafolio de Capacidades","item":"https:\/\/tecnnova.org\/portafolio-de-capacidades\/"},{"@type":"ListItem","position":3,"name":"Dise\u00f1ar estrategias en gesti\u00f3n del talento humano, direccionamiento organizacional y gesti\u00f3n del emprendimiento"}]},{"@type":"WebSite","@id":"https:\/\/tecnnova.org\/portafolio-de-capacidades\/#website","url":"https:\/\/tecnnova.org\/portafolio-de-capacidades\/","name":"Portafolio de capacidades - Tecnnova","description":"","publisher":{"@id":"https:\/\/tecnnova.org\/portafolio-de-capacidades\/#organization"},"potentialAction":[{"@type":"SearchAction","target":{"@type":"EntryPoint","urlTemplate":"https:\/\/tecnnova.org\/portafolio-de-capacidades\/?s={search_term_string}"},"query-input":"required name=search_term_string"}],"inLanguage":"es-CO"},{"@type":"Organization","@id":"https:\/\/tecnnova.org\/portafolio-de-capacidades\/#organization","name":"Portafolio de capacidades - Tecnnova","url":"https:\/\/tecnnova.org\/portafolio-de-capacidades\/","logo":{"@type":"ImageObject","inLanguage":"es-CO","@id":"https:\/\/tecnnova.org\/portafolio-de-capacidades\/#\/schema\/logo\/image\/","url":"https:\/\/tecnnova.org\/portafolio-de-capacidades\/wp-content\/uploads\/2024\/07\/cropped-TECNNOVA-2022-02.png","contentUrl":"https:\/\/tecnnova.org\/portafolio-de-capacidades\/wp-content\/uploads\/2024\/07\/cropped-TECNNOVA-2022-02.png","width":1609,"height":428,"caption":"Portafolio de capacidades - Tecnnova"},"image":{"@id":"https:\/\/tecnnova.org\/portafolio-de-capacidades\/#\/schema\/logo\/image\/"},"sameAs":["https:\/\/www.facebook.com\/Tecnnova_UEE-637591033015381","https:\/\/x.com\/Tecnnova_UEE"]}]}},"_links":{"self":[{"href":"https:\/\/tecnnova.org\/portafolio-de-capacidades\/wp-json\/wp\/v2\/product\/2496","targetHints":{"allow":["GET"]}}],"collection":[{"href":"https:\/\/tecnnova.org\/portafolio-de-capacidades\/wp-json\/wp\/v2\/product"}],"about":[{"href":"https:\/\/tecnnova.org\/portafolio-de-capacidades\/wp-json\/wp\/v2\/types\/product"}],"version-history":[{"count":0,"href":"https:\/\/tecnnova.org\/portafolio-de-capacidades\/wp-json\/wp\/v2\/product\/2496\/revisions"}],"wp:featuredmedia":[{"embeddable":true,"href":"https:\/\/tecnnova.org\/portafolio-de-capacidades\/wp-json\/wp\/v2\/media\/904"}],"wp:attachment":[{"href":"https:\/\/tecnnova.org\/portafolio-de-capacidades\/wp-json\/wp\/v2\/media?parent=2496"}],"wp:term":[{"taxonomy":"product_cat","embeddable":true,"href":"https:\/\/tecnnova.org\/portafolio-de-capacidades\/wp-json\/wp\/v2\/product_cat?post=2496"},{"taxonomy":"product_tag","embeddable":true,"href":"https:\/\/tecnnova.org\/portafolio-de-capacidades\/wp-json\/wp\/v2\/product_tag?post=2496"}],"curies":[{"name":"wp","href":"https:\/\/api.w.org\/{rel}","templated":true}]}}