{"id":2597,"date":"2024-10-10T10:30:53","date_gmt":"2024-10-10T15:30:53","guid":{"rendered":"https:\/\/tecnnova.org\/portafolio-de-capacidades\/tienda\/sin categor\u00eda\/prestar-servicios-en-el-area-de-biologia-para-el-manejo-de-enfermedades-de-cultivos-ornamentales-y-horticola\/"},"modified":"2024-10-10T10:30:53","modified_gmt":"2024-10-10T15:30:53","slug":"prestar-servicios-en-el-area-de-biologia-para-el-manejo-de-enfermedades-de-cultivos-ornamentales-y-horticola","status":"publish","type":"product","link":"https:\/\/tecnnova.org\/portafolio-de-capacidades\/naturaleza-y-recursos\/manejo-de-enfermedades-en-cultivos-ornamentales-y-horticolas\/","title":{"rendered":"Prestar servicios en el \u00e1rea de biolog\u00eda para el manejo de enfermedades de cultivos ornamentales y hort\u00edcola"},"content":{"rendered":"<p>An\u00e1lisis estandarizados de diagn\u00f3stico de enfermedades en las \u00e1reas de fitopatolog\u00eda, fitopatolog\u00eda avanzada, fitopatolog\u00eda forestal, cultivo de tejidos vegetales y problemas especiales en enfermedades de plantas<\/p>\n","protected":false},"excerpt":{"rendered":"<p>An\u00e1lisis estandarizados de diagn\u00f3stico de enfermedades en las \u00e1reas de fitopatolog\u00eda, fitopatolog\u00eda avanzada, fitopatolog\u00eda forestal, cultivo de tejidos vegetales y problemas especiales en enfermedades de plantas<\/p>\n","protected":false},"featured_media":903,"template":"","meta":{"_acf_changed":false},"product_cat":[2579],"product_tag":[5568,5565,5566,5564,5563,5569,5562,5567,3315],"class_list":{"0":"post-2597","1":"product","2":"type-product","3":"status-publish","4":"has-post-thumbnail","6":"product_cat-naturaleza-y-recursos","7":"product_tag-analisis-estandarizado-de-diagnostico-de-enfermedades","8":"product_tag-biologia-de-cultivos","9":"product_tag-control-de-enfermedades-en-horticultura","10":"product_tag-cultivos-horticolas","11":"product_tag-cultivos-ornamentales","12":"product_tag-fitopatologia-avanzada","13":"product_tag-manejo-de-enfermedades-de-cultivos","14":"product_tag-proteccion-de-cultivos","15":"product_tag-tecnova","17":"first","18":"instock","19":"shipping-taxable","20":"product-type-simple"},"acf":[],"yoast_head":"<!-- This site is optimized with the Yoast SEO plugin v23.3 - https:\/\/yoast.com\/wordpress\/plugins\/seo\/ -->\n<title>Prestar servicios en el \u00e1rea de biolog\u00eda para el manejo de enfermedades de cultivos ornamentales y hort\u00edcola - Portafolio de capacidades - Tecnnova<\/title>\n<meta name=\"robots\" content=\"index, follow, max-snippet:-1, max-image-preview:large, max-video-preview:-1\" \/>\n<link rel=\"canonical\" href=\"https:\/\/tecnnova.org\/portafolio-de-capacidades\/tienda\/sin%20categor\u00eda\/prestar-servicios-en-el-area-de-biologia-para-el-manejo-de-enfermedades-de-cultivos-ornamentales-y-horticola\/\" \/>\n<meta property=\"og:locale\" content=\"es_ES\" \/>\n<meta property=\"og:type\" content=\"article\" \/>\n<meta property=\"og:title\" content=\"Prestar servicios en el \u00e1rea de biolog\u00eda para el manejo de enfermedades de cultivos ornamentales y hort\u00edcola - Portafolio de capacidades - Tecnnova\" \/>\n<meta property=\"og:description\" content=\"An\u00e1lisis estandarizados de diagn\u00f3stico de enfermedades en las \u00e1reas de fitopatolog\u00eda, fitopatolog\u00eda avanzada, fitopatolog\u00eda forestal, cultivo de tejidos vegetales y problemas especiales en enfermedades de plantas\" \/>\n<meta property=\"og:url\" content=\"https:\/\/tecnnova.org\/portafolio-de-capacidades\/tienda\/sin categor\u00eda\/prestar-servicios-en-el-area-de-biologia-para-el-manejo-de-enfermedades-de-cultivos-ornamentales-y-horticola\/\" \/>\n<meta property=\"og:site_name\" content=\"Portafolio de capacidades - Tecnnova\" \/>\n<meta property=\"article:publisher\" content=\"https:\/\/www.facebook.com\/Tecnnova_UEE-637591033015381\" \/>\n<meta name=\"twitter:card\" content=\"summary_large_image\" \/>\n<meta name=\"twitter:site\" content=\"@Tecnnova_UEE\" \/>\n<script type=\"application\/ld+json\" class=\"yoast-schema-graph\">{\"@context\":\"https:\/\/schema.org\",\"@graph\":[{\"@type\":\"WebPage\",\"@id\":\"https:\/\/tecnnova.org\/portafolio-de-capacidades\/tienda\/sin categor\u00eda\/prestar-servicios-en-el-area-de-biologia-para-el-manejo-de-enfermedades-de-cultivos-ornamentales-y-horticola\/\",\"url\":\"https:\/\/tecnnova.org\/portafolio-de-capacidades\/tienda\/sin categor\u00eda\/prestar-servicios-en-el-area-de-biologia-para-el-manejo-de-enfermedades-de-cultivos-ornamentales-y-horticola\/\",\"name\":\"Prestar servicios en el \u00e1rea de biolog\u00eda para el manejo de enfermedades de cultivos ornamentales y hort\u00edcola - Portafolio de capacidades - Tecnnova\",\"isPartOf\":{\"@id\":\"https:\/\/tecnnova.org\/portafolio-de-capacidades\/#website\"},\"primaryImageOfPage\":{\"@id\":\"https:\/\/tecnnova.org\/portafolio-de-capacidades\/tienda\/sin categor\u00eda\/prestar-servicios-en-el-area-de-biologia-para-el-manejo-de-enfermedades-de-cultivos-ornamentales-y-horticola\/#primaryimage\"},\"image\":{\"@id\":\"https:\/\/tecnnova.org\/portafolio-de-capacidades\/tienda\/sin categor\u00eda\/prestar-servicios-en-el-area-de-biologia-para-el-manejo-de-enfermedades-de-cultivos-ornamentales-y-horticola\/#primaryimage\"},\"thumbnailUrl\":\"https:\/\/tecnnova.org\/portafolio-de-capacidades\/wp-content\/uploads\/2024\/08\/iconnaturalezayrecursos.png\",\"datePublished\":\"2024-10-10T15:30:53+00:00\",\"dateModified\":\"2024-10-10T15:30:53+00:00\",\"breadcrumb\":{\"@id\":\"https:\/\/tecnnova.org\/portafolio-de-capacidades\/tienda\/sin categor\u00eda\/prestar-servicios-en-el-area-de-biologia-para-el-manejo-de-enfermedades-de-cultivos-ornamentales-y-horticola\/#breadcrumb\"},\"inLanguage\":\"es-CO\",\"potentialAction\":[{\"@type\":\"ReadAction\",\"target\":[\"https:\/\/tecnnova.org\/portafolio-de-capacidades\/tienda\/sin categor\u00eda\/prestar-servicios-en-el-area-de-biologia-para-el-manejo-de-enfermedades-de-cultivos-ornamentales-y-horticola\/\"]}]},{\"@type\":\"ImageObject\",\"inLanguage\":\"es-CO\",\"@id\":\"https:\/\/tecnnova.org\/portafolio-de-capacidades\/tienda\/sin categor\u00eda\/prestar-servicios-en-el-area-de-biologia-para-el-manejo-de-enfermedades-de-cultivos-ornamentales-y-horticola\/#primaryimage\",\"url\":\"https:\/\/tecnnova.org\/portafolio-de-capacidades\/wp-content\/uploads\/2024\/08\/iconnaturalezayrecursos.png\",\"contentUrl\":\"https:\/\/tecnnova.org\/portafolio-de-capacidades\/wp-content\/uploads\/2024\/08\/iconnaturalezayrecursos.png\",\"width\":100,\"height\":100},{\"@type\":\"BreadcrumbList\",\"@id\":\"https:\/\/tecnnova.org\/portafolio-de-capacidades\/tienda\/sin categor\u00eda\/prestar-servicios-en-el-area-de-biologia-para-el-manejo-de-enfermedades-de-cultivos-ornamentales-y-horticola\/#breadcrumb\",\"itemListElement\":[{\"@type\":\"ListItem\",\"position\":1,\"name\":\"Inicio\",\"item\":\"https:\/\/tecnnova.org\/portafolio-de-capacidades\/\"},{\"@type\":\"ListItem\",\"position\":2,\"name\":\"Portafolio de Capacidades\",\"item\":\"https:\/\/tecnnova.org\/portafolio-de-capacidades\/\"},{\"@type\":\"ListItem\",\"position\":3,\"name\":\"Prestar servicios en el \u00e1rea de biolog\u00eda para el manejo de enfermedades de cultivos ornamentales y hort\u00edcola\"}]},{\"@type\":\"WebSite\",\"@id\":\"https:\/\/tecnnova.org\/portafolio-de-capacidades\/#website\",\"url\":\"https:\/\/tecnnova.org\/portafolio-de-capacidades\/\",\"name\":\"Portafolio de capacidades - Tecnnova\",\"description\":\"\",\"publisher\":{\"@id\":\"https:\/\/tecnnova.org\/portafolio-de-capacidades\/#organization\"},\"potentialAction\":[{\"@type\":\"SearchAction\",\"target\":{\"@type\":\"EntryPoint\",\"urlTemplate\":\"https:\/\/tecnnova.org\/portafolio-de-capacidades\/?s={search_term_string}\"},\"query-input\":\"required name=search_term_string\"}],\"inLanguage\":\"es-CO\"},{\"@type\":\"Organization\",\"@id\":\"https:\/\/tecnnova.org\/portafolio-de-capacidades\/#organization\",\"name\":\"Portafolio de capacidades - Tecnnova\",\"url\":\"https:\/\/tecnnova.org\/portafolio-de-capacidades\/\",\"logo\":{\"@type\":\"ImageObject\",\"inLanguage\":\"es-CO\",\"@id\":\"https:\/\/tecnnova.org\/portafolio-de-capacidades\/#\/schema\/logo\/image\/\",\"url\":\"https:\/\/tecnnova.org\/portafolio-de-capacidades\/wp-content\/uploads\/2024\/07\/cropped-TECNNOVA-2022-02.png\",\"contentUrl\":\"https:\/\/tecnnova.org\/portafolio-de-capacidades\/wp-content\/uploads\/2024\/07\/cropped-TECNNOVA-2022-02.png\",\"width\":1609,\"height\":428,\"caption\":\"Portafolio de capacidades - Tecnnova\"},\"image\":{\"@id\":\"https:\/\/tecnnova.org\/portafolio-de-capacidades\/#\/schema\/logo\/image\/\"},\"sameAs\":[\"https:\/\/www.facebook.com\/Tecnnova_UEE-637591033015381\",\"https:\/\/x.com\/Tecnnova_UEE\"]}]}<\/script>\n<!-- \/ Yoast SEO plugin. -->","yoast_head_json":{"title":"Prestar servicios en el \u00e1rea de biolog\u00eda para el manejo de enfermedades de cultivos ornamentales y hort\u00edcola - Portafolio de capacidades - Tecnnova","robots":{"index":"index","follow":"follow","max-snippet":"max-snippet:-1","max-image-preview":"max-image-preview:large","max-video-preview":"max-video-preview:-1"},"canonical":"https:\/\/tecnnova.org\/portafolio-de-capacidades\/tienda\/sin categor\u00eda\/prestar-servicios-en-el-area-de-biologia-para-el-manejo-de-enfermedades-de-cultivos-ornamentales-y-horticola\/","og_locale":"es_ES","og_type":"article","og_title":"Prestar servicios en el \u00e1rea de biolog\u00eda para el manejo de enfermedades de cultivos ornamentales y hort\u00edcola - Portafolio de capacidades - Tecnnova","og_description":"An\u00e1lisis estandarizados de diagn\u00f3stico de enfermedades en las \u00e1reas de fitopatolog\u00eda, fitopatolog\u00eda avanzada, fitopatolog\u00eda forestal, cultivo de tejidos vegetales y problemas especiales en enfermedades de plantas","og_url":"https:\/\/tecnnova.org\/portafolio-de-capacidades\/tienda\/sin categor\u00eda\/prestar-servicios-en-el-area-de-biologia-para-el-manejo-de-enfermedades-de-cultivos-ornamentales-y-horticola\/","og_site_name":"Portafolio de capacidades - Tecnnova","article_publisher":"https:\/\/www.facebook.com\/Tecnnova_UEE-637591033015381","twitter_card":"summary_large_image","twitter_site":"@Tecnnova_UEE","schema":{"@context":"https:\/\/schema.org","@graph":[{"@type":"WebPage","@id":"https:\/\/tecnnova.org\/portafolio-de-capacidades\/tienda\/sin categor\u00eda\/prestar-servicios-en-el-area-de-biologia-para-el-manejo-de-enfermedades-de-cultivos-ornamentales-y-horticola\/","url":"https:\/\/tecnnova.org\/portafolio-de-capacidades\/tienda\/sin categor\u00eda\/prestar-servicios-en-el-area-de-biologia-para-el-manejo-de-enfermedades-de-cultivos-ornamentales-y-horticola\/","name":"Prestar servicios en el \u00e1rea de biolog\u00eda para el manejo de enfermedades de cultivos ornamentales y hort\u00edcola - Portafolio de capacidades - Tecnnova","isPartOf":{"@id":"https:\/\/tecnnova.org\/portafolio-de-capacidades\/#website"},"primaryImageOfPage":{"@id":"https:\/\/tecnnova.org\/portafolio-de-capacidades\/tienda\/sin categor\u00eda\/prestar-servicios-en-el-area-de-biologia-para-el-manejo-de-enfermedades-de-cultivos-ornamentales-y-horticola\/#primaryimage"},"image":{"@id":"https:\/\/tecnnova.org\/portafolio-de-capacidades\/tienda\/sin categor\u00eda\/prestar-servicios-en-el-area-de-biologia-para-el-manejo-de-enfermedades-de-cultivos-ornamentales-y-horticola\/#primaryimage"},"thumbnailUrl":"https:\/\/tecnnova.org\/portafolio-de-capacidades\/wp-content\/uploads\/2024\/08\/iconnaturalezayrecursos.png","datePublished":"2024-10-10T15:30:53+00:00","dateModified":"2024-10-10T15:30:53+00:00","breadcrumb":{"@id":"https:\/\/tecnnova.org\/portafolio-de-capacidades\/tienda\/sin categor\u00eda\/prestar-servicios-en-el-area-de-biologia-para-el-manejo-de-enfermedades-de-cultivos-ornamentales-y-horticola\/#breadcrumb"},"inLanguage":"es-CO","potentialAction":[{"@type":"ReadAction","target":["https:\/\/tecnnova.org\/portafolio-de-capacidades\/tienda\/sin categor\u00eda\/prestar-servicios-en-el-area-de-biologia-para-el-manejo-de-enfermedades-de-cultivos-ornamentales-y-horticola\/"]}]},{"@type":"ImageObject","inLanguage":"es-CO","@id":"https:\/\/tecnnova.org\/portafolio-de-capacidades\/tienda\/sin categor\u00eda\/prestar-servicios-en-el-area-de-biologia-para-el-manejo-de-enfermedades-de-cultivos-ornamentales-y-horticola\/#primaryimage","url":"https:\/\/tecnnova.org\/portafolio-de-capacidades\/wp-content\/uploads\/2024\/08\/iconnaturalezayrecursos.png","contentUrl":"https:\/\/tecnnova.org\/portafolio-de-capacidades\/wp-content\/uploads\/2024\/08\/iconnaturalezayrecursos.png","width":100,"height":100},{"@type":"BreadcrumbList","@id":"https:\/\/tecnnova.org\/portafolio-de-capacidades\/tienda\/sin categor\u00eda\/prestar-servicios-en-el-area-de-biologia-para-el-manejo-de-enfermedades-de-cultivos-ornamentales-y-horticola\/#breadcrumb","itemListElement":[{"@type":"ListItem","position":1,"name":"Inicio","item":"https:\/\/tecnnova.org\/portafolio-de-capacidades\/"},{"@type":"ListItem","position":2,"name":"Portafolio de Capacidades","item":"https:\/\/tecnnova.org\/portafolio-de-capacidades\/"},{"@type":"ListItem","position":3,"name":"Prestar servicios en el \u00e1rea de biolog\u00eda para el manejo de enfermedades de cultivos ornamentales y hort\u00edcola"}]},{"@type":"WebSite","@id":"https:\/\/tecnnova.org\/portafolio-de-capacidades\/#website","url":"https:\/\/tecnnova.org\/portafolio-de-capacidades\/","name":"Portafolio de capacidades - Tecnnova","description":"","publisher":{"@id":"https:\/\/tecnnova.org\/portafolio-de-capacidades\/#organization"},"potentialAction":[{"@type":"SearchAction","target":{"@type":"EntryPoint","urlTemplate":"https:\/\/tecnnova.org\/portafolio-de-capacidades\/?s={search_term_string}"},"query-input":"required name=search_term_string"}],"inLanguage":"es-CO"},{"@type":"Organization","@id":"https:\/\/tecnnova.org\/portafolio-de-capacidades\/#organization","name":"Portafolio de capacidades - Tecnnova","url":"https:\/\/tecnnova.org\/portafolio-de-capacidades\/","logo":{"@type":"ImageObject","inLanguage":"es-CO","@id":"https:\/\/tecnnova.org\/portafolio-de-capacidades\/#\/schema\/logo\/image\/","url":"https:\/\/tecnnova.org\/portafolio-de-capacidades\/wp-content\/uploads\/2024\/07\/cropped-TECNNOVA-2022-02.png","contentUrl":"https:\/\/tecnnova.org\/portafolio-de-capacidades\/wp-content\/uploads\/2024\/07\/cropped-TECNNOVA-2022-02.png","width":1609,"height":428,"caption":"Portafolio de capacidades - Tecnnova"},"image":{"@id":"https:\/\/tecnnova.org\/portafolio-de-capacidades\/#\/schema\/logo\/image\/"},"sameAs":["https:\/\/www.facebook.com\/Tecnnova_UEE-637591033015381","https:\/\/x.com\/Tecnnova_UEE"]}]}},"_links":{"self":[{"href":"https:\/\/tecnnova.org\/portafolio-de-capacidades\/wp-json\/wp\/v2\/product\/2597","targetHints":{"allow":["GET"]}}],"collection":[{"href":"https:\/\/tecnnova.org\/portafolio-de-capacidades\/wp-json\/wp\/v2\/product"}],"about":[{"href":"https:\/\/tecnnova.org\/portafolio-de-capacidades\/wp-json\/wp\/v2\/types\/product"}],"version-history":[{"count":0,"href":"https:\/\/tecnnova.org\/portafolio-de-capacidades\/wp-json\/wp\/v2\/product\/2597\/revisions"}],"wp:featuredmedia":[{"embeddable":true,"href":"https:\/\/tecnnova.org\/portafolio-de-capacidades\/wp-json\/wp\/v2\/media\/903"}],"wp:attachment":[{"href":"https:\/\/tecnnova.org\/portafolio-de-capacidades\/wp-json\/wp\/v2\/media?parent=2597"}],"wp:term":[{"taxonomy":"product_cat","embeddable":true,"href":"https:\/\/tecnnova.org\/portafolio-de-capacidades\/wp-json\/wp\/v2\/product_cat?post=2597"},{"taxonomy":"product_tag","embeddable":true,"href":"https:\/\/tecnnova.org\/portafolio-de-capacidades\/wp-json\/wp\/v2\/product_tag?post=2597"}],"curies":[{"name":"wp","href":"https:\/\/api.w.org\/{rel}","templated":true}]}}