{"id":2860,"date":"2025-05-22T08:38:25","date_gmt":"2025-05-22T13:38:25","guid":{"rendered":"https:\/\/tecnnova.org\/portafolio-de-capacidades\/?post_type=product&#038;p=2860"},"modified":"2025-05-22T08:38:25","modified_gmt":"2025-05-22T13:38:25","slug":"formular-proyectos-de-inversion-empresariales-y-de-investigacion-cientifica-apoyando-su-ejecucion-por-medio-del-diseno-de-tecnicas-y-herramientas-cualitativas-para-la-captura-y-analisis-de-la-informa","status":"publish","type":"product","link":"https:\/\/tecnnova.org\/portafolio-de-capacidades\/organizaciones-y-territorios-competitivos\/inversion-empresariales-y-de-investigacion-cientifica\/","title":{"rendered":"Formular proyectos de inversi\u00f3n empresariales y de investigaci\u00f3n cient\u00edfica, apoyando su ejecuci\u00f3n por medio del dise\u00f1o de t\u00e9cnicas y herramientas cualitativas para la captura y an\u00e1lisis de la informaci\u00f3n"},"content":{"rendered":"<p>Formulaci\u00f3n \u00e1gil y adaptable de proyectos de inversi\u00f3n empresarial y cient\u00edfica, complementada con t\u00e9cnicas cualitativas contextualizadas para una captura precisa de informaci\u00f3n y un an\u00e1lisis completo; transformando los resultados en informes claros e ilustrativos, facilitando la identificaci\u00f3n de oportunidades estrat\u00e9gicas.<\/p>\n","protected":false},"excerpt":{"rendered":"<p>Formulaci\u00f3n \u00e1gil y adaptable de proyectos de inversi\u00f3n empresarial y cient\u00edfica, complementada con t\u00e9cnicas cualitativas contextualizadas para una captura precisa de informaci\u00f3n y un an\u00e1lisis completo; transformando los resultados en informes claros e ilustrativos, facilitando la identificaci\u00f3n de oportunidades estrat\u00e9gicas.<\/p>\n","protected":false},"featured_media":904,"template":"","meta":{"_acf_changed":false},"product_cat":[2925],"product_tag":[6250,6245,6252,6249,6253,6244,6251,6248,6247,6246,2578],"class_list":{"0":"post-2860","1":"product","2":"type-product","3":"status-publish","4":"has-post-thumbnail","6":"product_cat-organizaciones-y-territorios-competitivos","7":"product_tag-analisis-completo-de-datos","8":"product_tag-analisis-cualitativo-empresarial","9":"product_tag-asesoria-en-proyectos-de-inversion","10":"product_tag-captura-de-informacion-empresarial","11":"product_tag-consultoria-proyectos-cientificos","12":"product_tag-formulacion-de-proyectos-de-inversion","13":"product_tag-identificacion-de-oportunidades-estrategicas","14":"product_tag-informes-estrategicos-de-inversion","15":"product_tag-proyectos-de-investigacion-cientifica","16":"product_tag-tecnicas-cualitativas-contextualizadas","17":"product_tag-tecnnova","19":"first","20":"instock","21":"shipping-taxable","22":"product-type-simple"},"acf":[],"yoast_head":"<!-- This site is optimized with the Yoast SEO plugin v23.3 - https:\/\/yoast.com\/wordpress\/plugins\/seo\/ -->\n<title>Formular proyectos de inversi\u00f3n empresariales y de investigaci\u00f3n cient\u00edfica, apoyando su ejecuci\u00f3n por medio del dise\u00f1o de t\u00e9cnicas y herramientas cualitativas para la captura y an\u00e1lisis de la informaci\u00f3n - Portafolio de capacidades - Tecnnova<\/title>\n<meta name=\"robots\" content=\"index, follow, max-snippet:-1, max-image-preview:large, max-video-preview:-1\" \/>\n<link rel=\"canonical\" href=\"https:\/\/tecnnova.org\/portafolio-de-capacidades\/inversion-empresariales-y-de-investigacion-cientifica\/\" \/>\n<meta property=\"og:locale\" content=\"es_ES\" \/>\n<meta property=\"og:type\" content=\"article\" \/>\n<meta property=\"og:title\" content=\"Formular proyectos de inversi\u00f3n empresariales y de investigaci\u00f3n cient\u00edfica, apoyando su ejecuci\u00f3n por medio del dise\u00f1o de t\u00e9cnicas y herramientas cualitativas para la captura y an\u00e1lisis de la informaci\u00f3n - Portafolio de capacidades - Tecnnova\" \/>\n<meta property=\"og:description\" content=\"Formulaci\u00f3n \u00e1gil y adaptable de proyectos de inversi\u00f3n empresarial y cient\u00edfica, complementada con t\u00e9cnicas cualitativas contextualizadas para una captura precisa de informaci\u00f3n y un an\u00e1lisis completo; transformando los resultados en informes claros e ilustrativos, facilitando la identificaci\u00f3n de oportunidades estrat\u00e9gicas.\" \/>\n<meta property=\"og:url\" content=\"https:\/\/tecnnova.org\/portafolio-de-capacidades\/inversion-empresariales-y-de-investigacion-cientifica\/\" \/>\n<meta property=\"og:site_name\" content=\"Portafolio de capacidades - Tecnnova\" \/>\n<meta property=\"article:publisher\" content=\"https:\/\/www.facebook.com\/Tecnnova_UEE-637591033015381\" \/>\n<meta property=\"og:image\" content=\"https:\/\/tecnnova.org\/portafolio-de-capacidades\/wp-content\/uploads\/2024\/08\/iconorganizaciones.png\" \/>\n\t<meta property=\"og:image:width\" content=\"100\" \/>\n\t<meta property=\"og:image:height\" content=\"100\" \/>\n\t<meta property=\"og:image:type\" content=\"image\/png\" \/>\n<meta name=\"twitter:card\" content=\"summary_large_image\" \/>\n<meta name=\"twitter:site\" content=\"@Tecnnova_UEE\" \/>\n<meta name=\"twitter:label1\" content=\"Tiempo de lectura\" \/>\n\t<meta name=\"twitter:data1\" content=\"1 minuto\" \/>\n<script type=\"application\/ld+json\" class=\"yoast-schema-graph\">{\"@context\":\"https:\/\/schema.org\",\"@graph\":[{\"@type\":\"WebPage\",\"@id\":\"https:\/\/tecnnova.org\/portafolio-de-capacidades\/inversion-empresariales-y-de-investigacion-cientifica\/\",\"url\":\"https:\/\/tecnnova.org\/portafolio-de-capacidades\/inversion-empresariales-y-de-investigacion-cientifica\/\",\"name\":\"Formular proyectos de inversi\u00f3n empresariales y de investigaci\u00f3n cient\u00edfica, apoyando su ejecuci\u00f3n por medio del dise\u00f1o de t\u00e9cnicas y herramientas cualitativas para la captura y an\u00e1lisis de la informaci\u00f3n - Portafolio de capacidades - Tecnnova\",\"isPartOf\":{\"@id\":\"https:\/\/tecnnova.org\/portafolio-de-capacidades\/#website\"},\"primaryImageOfPage\":{\"@id\":\"https:\/\/tecnnova.org\/portafolio-de-capacidades\/inversion-empresariales-y-de-investigacion-cientifica\/#primaryimage\"},\"image\":{\"@id\":\"https:\/\/tecnnova.org\/portafolio-de-capacidades\/inversion-empresariales-y-de-investigacion-cientifica\/#primaryimage\"},\"thumbnailUrl\":\"https:\/\/tecnnova.org\/portafolio-de-capacidades\/wp-content\/uploads\/2024\/08\/iconorganizaciones.png\",\"datePublished\":\"2025-05-22T13:38:25+00:00\",\"dateModified\":\"2025-05-22T13:38:25+00:00\",\"breadcrumb\":{\"@id\":\"https:\/\/tecnnova.org\/portafolio-de-capacidades\/inversion-empresariales-y-de-investigacion-cientifica\/#breadcrumb\"},\"inLanguage\":\"es-CO\",\"potentialAction\":[{\"@type\":\"ReadAction\",\"target\":[\"https:\/\/tecnnova.org\/portafolio-de-capacidades\/inversion-empresariales-y-de-investigacion-cientifica\/\"]}]},{\"@type\":\"ImageObject\",\"inLanguage\":\"es-CO\",\"@id\":\"https:\/\/tecnnova.org\/portafolio-de-capacidades\/inversion-empresariales-y-de-investigacion-cientifica\/#primaryimage\",\"url\":\"https:\/\/tecnnova.org\/portafolio-de-capacidades\/wp-content\/uploads\/2024\/08\/iconorganizaciones.png\",\"contentUrl\":\"https:\/\/tecnnova.org\/portafolio-de-capacidades\/wp-content\/uploads\/2024\/08\/iconorganizaciones.png\",\"width\":100,\"height\":100},{\"@type\":\"BreadcrumbList\",\"@id\":\"https:\/\/tecnnova.org\/portafolio-de-capacidades\/inversion-empresariales-y-de-investigacion-cientifica\/#breadcrumb\",\"itemListElement\":[{\"@type\":\"ListItem\",\"position\":1,\"name\":\"Inicio\",\"item\":\"https:\/\/tecnnova.org\/portafolio-de-capacidades\/\"},{\"@type\":\"ListItem\",\"position\":2,\"name\":\"Portafolio de Capacidades\",\"item\":\"https:\/\/tecnnova.org\/portafolio-de-capacidades\/\"},{\"@type\":\"ListItem\",\"position\":3,\"name\":\"Formular proyectos de inversi\u00f3n empresariales y de investigaci\u00f3n cient\u00edfica, apoyando su ejecuci\u00f3n por medio del dise\u00f1o de t\u00e9cnicas y herramientas cualitativas para la captura y an\u00e1lisis de la informaci\u00f3n\"}]},{\"@type\":\"WebSite\",\"@id\":\"https:\/\/tecnnova.org\/portafolio-de-capacidades\/#website\",\"url\":\"https:\/\/tecnnova.org\/portafolio-de-capacidades\/\",\"name\":\"Portafolio de capacidades - Tecnnova\",\"description\":\"\",\"publisher\":{\"@id\":\"https:\/\/tecnnova.org\/portafolio-de-capacidades\/#organization\"},\"potentialAction\":[{\"@type\":\"SearchAction\",\"target\":{\"@type\":\"EntryPoint\",\"urlTemplate\":\"https:\/\/tecnnova.org\/portafolio-de-capacidades\/?s={search_term_string}\"},\"query-input\":\"required name=search_term_string\"}],\"inLanguage\":\"es-CO\"},{\"@type\":\"Organization\",\"@id\":\"https:\/\/tecnnova.org\/portafolio-de-capacidades\/#organization\",\"name\":\"Portafolio de capacidades - Tecnnova\",\"url\":\"https:\/\/tecnnova.org\/portafolio-de-capacidades\/\",\"logo\":{\"@type\":\"ImageObject\",\"inLanguage\":\"es-CO\",\"@id\":\"https:\/\/tecnnova.org\/portafolio-de-capacidades\/#\/schema\/logo\/image\/\",\"url\":\"https:\/\/tecnnova.org\/portafolio-de-capacidades\/wp-content\/uploads\/2024\/07\/cropped-TECNNOVA-2022-02.png\",\"contentUrl\":\"https:\/\/tecnnova.org\/portafolio-de-capacidades\/wp-content\/uploads\/2024\/07\/cropped-TECNNOVA-2022-02.png\",\"width\":1609,\"height\":428,\"caption\":\"Portafolio de capacidades - Tecnnova\"},\"image\":{\"@id\":\"https:\/\/tecnnova.org\/portafolio-de-capacidades\/#\/schema\/logo\/image\/\"},\"sameAs\":[\"https:\/\/www.facebook.com\/Tecnnova_UEE-637591033015381\",\"https:\/\/x.com\/Tecnnova_UEE\"]}]}<\/script>\n<!-- \/ Yoast SEO plugin. -->","yoast_head_json":{"title":"Formular proyectos de inversi\u00f3n empresariales y de investigaci\u00f3n cient\u00edfica, apoyando su ejecuci\u00f3n por medio del dise\u00f1o de t\u00e9cnicas y herramientas cualitativas para la captura y an\u00e1lisis de la informaci\u00f3n - Portafolio de capacidades - Tecnnova","robots":{"index":"index","follow":"follow","max-snippet":"max-snippet:-1","max-image-preview":"max-image-preview:large","max-video-preview":"max-video-preview:-1"},"canonical":"https:\/\/tecnnova.org\/portafolio-de-capacidades\/inversion-empresariales-y-de-investigacion-cientifica\/","og_locale":"es_ES","og_type":"article","og_title":"Formular proyectos de inversi\u00f3n empresariales y de investigaci\u00f3n cient\u00edfica, apoyando su ejecuci\u00f3n por medio del dise\u00f1o de t\u00e9cnicas y herramientas cualitativas para la captura y an\u00e1lisis de la informaci\u00f3n - Portafolio de capacidades - Tecnnova","og_description":"Formulaci\u00f3n \u00e1gil y adaptable de proyectos de inversi\u00f3n empresarial y cient\u00edfica, complementada con t\u00e9cnicas cualitativas contextualizadas para una captura precisa de informaci\u00f3n y un an\u00e1lisis completo; transformando los resultados en informes claros e ilustrativos, facilitando la identificaci\u00f3n de oportunidades estrat\u00e9gicas.","og_url":"https:\/\/tecnnova.org\/portafolio-de-capacidades\/inversion-empresariales-y-de-investigacion-cientifica\/","og_site_name":"Portafolio de capacidades - Tecnnova","article_publisher":"https:\/\/www.facebook.com\/Tecnnova_UEE-637591033015381","og_image":[{"width":100,"height":100,"url":"https:\/\/tecnnova.org\/portafolio-de-capacidades\/wp-content\/uploads\/2024\/08\/iconorganizaciones.png","type":"image\/png"}],"twitter_card":"summary_large_image","twitter_site":"@Tecnnova_UEE","twitter_misc":{"Tiempo de lectura":"1 minuto"},"schema":{"@context":"https:\/\/schema.org","@graph":[{"@type":"WebPage","@id":"https:\/\/tecnnova.org\/portafolio-de-capacidades\/inversion-empresariales-y-de-investigacion-cientifica\/","url":"https:\/\/tecnnova.org\/portafolio-de-capacidades\/inversion-empresariales-y-de-investigacion-cientifica\/","name":"Formular proyectos de inversi\u00f3n empresariales y de investigaci\u00f3n cient\u00edfica, apoyando su ejecuci\u00f3n por medio del dise\u00f1o de t\u00e9cnicas y herramientas cualitativas para la captura y an\u00e1lisis de la informaci\u00f3n - Portafolio de capacidades - Tecnnova","isPartOf":{"@id":"https:\/\/tecnnova.org\/portafolio-de-capacidades\/#website"},"primaryImageOfPage":{"@id":"https:\/\/tecnnova.org\/portafolio-de-capacidades\/inversion-empresariales-y-de-investigacion-cientifica\/#primaryimage"},"image":{"@id":"https:\/\/tecnnova.org\/portafolio-de-capacidades\/inversion-empresariales-y-de-investigacion-cientifica\/#primaryimage"},"thumbnailUrl":"https:\/\/tecnnova.org\/portafolio-de-capacidades\/wp-content\/uploads\/2024\/08\/iconorganizaciones.png","datePublished":"2025-05-22T13:38:25+00:00","dateModified":"2025-05-22T13:38:25+00:00","breadcrumb":{"@id":"https:\/\/tecnnova.org\/portafolio-de-capacidades\/inversion-empresariales-y-de-investigacion-cientifica\/#breadcrumb"},"inLanguage":"es-CO","potentialAction":[{"@type":"ReadAction","target":["https:\/\/tecnnova.org\/portafolio-de-capacidades\/inversion-empresariales-y-de-investigacion-cientifica\/"]}]},{"@type":"ImageObject","inLanguage":"es-CO","@id":"https:\/\/tecnnova.org\/portafolio-de-capacidades\/inversion-empresariales-y-de-investigacion-cientifica\/#primaryimage","url":"https:\/\/tecnnova.org\/portafolio-de-capacidades\/wp-content\/uploads\/2024\/08\/iconorganizaciones.png","contentUrl":"https:\/\/tecnnova.org\/portafolio-de-capacidades\/wp-content\/uploads\/2024\/08\/iconorganizaciones.png","width":100,"height":100},{"@type":"BreadcrumbList","@id":"https:\/\/tecnnova.org\/portafolio-de-capacidades\/inversion-empresariales-y-de-investigacion-cientifica\/#breadcrumb","itemListElement":[{"@type":"ListItem","position":1,"name":"Inicio","item":"https:\/\/tecnnova.org\/portafolio-de-capacidades\/"},{"@type":"ListItem","position":2,"name":"Portafolio de Capacidades","item":"https:\/\/tecnnova.org\/portafolio-de-capacidades\/"},{"@type":"ListItem","position":3,"name":"Formular proyectos de inversi\u00f3n empresariales y de investigaci\u00f3n cient\u00edfica, apoyando su ejecuci\u00f3n por medio del dise\u00f1o de t\u00e9cnicas y herramientas cualitativas para la captura y an\u00e1lisis de la informaci\u00f3n"}]},{"@type":"WebSite","@id":"https:\/\/tecnnova.org\/portafolio-de-capacidades\/#website","url":"https:\/\/tecnnova.org\/portafolio-de-capacidades\/","name":"Portafolio de capacidades - Tecnnova","description":"","publisher":{"@id":"https:\/\/tecnnova.org\/portafolio-de-capacidades\/#organization"},"potentialAction":[{"@type":"SearchAction","target":{"@type":"EntryPoint","urlTemplate":"https:\/\/tecnnova.org\/portafolio-de-capacidades\/?s={search_term_string}"},"query-input":"required name=search_term_string"}],"inLanguage":"es-CO"},{"@type":"Organization","@id":"https:\/\/tecnnova.org\/portafolio-de-capacidades\/#organization","name":"Portafolio de capacidades - Tecnnova","url":"https:\/\/tecnnova.org\/portafolio-de-capacidades\/","logo":{"@type":"ImageObject","inLanguage":"es-CO","@id":"https:\/\/tecnnova.org\/portafolio-de-capacidades\/#\/schema\/logo\/image\/","url":"https:\/\/tecnnova.org\/portafolio-de-capacidades\/wp-content\/uploads\/2024\/07\/cropped-TECNNOVA-2022-02.png","contentUrl":"https:\/\/tecnnova.org\/portafolio-de-capacidades\/wp-content\/uploads\/2024\/07\/cropped-TECNNOVA-2022-02.png","width":1609,"height":428,"caption":"Portafolio de capacidades - Tecnnova"},"image":{"@id":"https:\/\/tecnnova.org\/portafolio-de-capacidades\/#\/schema\/logo\/image\/"},"sameAs":["https:\/\/www.facebook.com\/Tecnnova_UEE-637591033015381","https:\/\/x.com\/Tecnnova_UEE"]}]}},"_links":{"self":[{"href":"https:\/\/tecnnova.org\/portafolio-de-capacidades\/wp-json\/wp\/v2\/product\/2860","targetHints":{"allow":["GET"]}}],"collection":[{"href":"https:\/\/tecnnova.org\/portafolio-de-capacidades\/wp-json\/wp\/v2\/product"}],"about":[{"href":"https:\/\/tecnnova.org\/portafolio-de-capacidades\/wp-json\/wp\/v2\/types\/product"}],"version-history":[{"count":1,"href":"https:\/\/tecnnova.org\/portafolio-de-capacidades\/wp-json\/wp\/v2\/product\/2860\/revisions"}],"predecessor-version":[{"id":2861,"href":"https:\/\/tecnnova.org\/portafolio-de-capacidades\/wp-json\/wp\/v2\/product\/2860\/revisions\/2861"}],"wp:featuredmedia":[{"embeddable":true,"href":"https:\/\/tecnnova.org\/portafolio-de-capacidades\/wp-json\/wp\/v2\/media\/904"}],"wp:attachment":[{"href":"https:\/\/tecnnova.org\/portafolio-de-capacidades\/wp-json\/wp\/v2\/media?parent=2860"}],"wp:term":[{"taxonomy":"product_cat","embeddable":true,"href":"https:\/\/tecnnova.org\/portafolio-de-capacidades\/wp-json\/wp\/v2\/product_cat?post=2860"},{"taxonomy":"product_tag","embeddable":true,"href":"https:\/\/tecnnova.org\/portafolio-de-capacidades\/wp-json\/wp\/v2\/product_tag?post=2860"}],"curies":[{"name":"wp","href":"https:\/\/api.w.org\/{rel}","templated":true}]}}