{"id":3027,"date":"2025-06-03T08:58:08","date_gmt":"2025-06-03T13:58:08","guid":{"rendered":"https:\/\/tecnnova.org\/portafolio-de-capacidades\/?post_type=product&#038;p=3027"},"modified":"2025-06-03T08:58:08","modified_gmt":"2025-06-03T13:58:08","slug":"analizar-y-diagnosticar-la-calidad-del-aire-mediante-modelos-de-calidad-del-aire-para-identificar-fuentes-de-contaminacion-evaluar-su-impacto-y-disenar-estrategias-de-mitigacion-y-control","status":"publish","type":"product","link":"https:\/\/tecnnova.org\/portafolio-de-capacidades\/naturaleza-y-recursos\/analizar-y-diagnosticar-la-calidad-del-aire\/","title":{"rendered":"Analizar y diagnosticar la calidad del aire mediante modelos de calidad del aire para identificar fuentes de contaminaci\u00f3n, evaluar su impacto y dise\u00f1ar estrategias de mitigaci\u00f3n y control"},"content":{"rendered":"<p>Esta capacidad permite una gesti\u00f3n ambiental m\u00e1s efectiva al proporcionar informaci\u00f3n precisa sobre la contaminaci\u00f3n atmosf\u00e9rica, facilitando la toma de decisiones basada en evidencia. Adem\u00e1s, optimiza la planificaci\u00f3n territorial, fortalece la salud p\u00fablica al reducir la exposici\u00f3n a contaminantes y permite la simulaci\u00f3n de escenarios para evaluar estrategias de intervenci\u00f3n y cumplimiento normativo.<\/p>\n","protected":false},"excerpt":{"rendered":"<p>Esta capacidad permite una gesti\u00f3n ambiental m\u00e1s efectiva al proporcionar informaci\u00f3n precisa sobre la contaminaci\u00f3n atmosf\u00e9rica, facilitando la toma de decisiones basada en evidencia. Adem\u00e1s, optimiza la planificaci\u00f3n territorial, fortalece la salud p\u00fablica al reducir la exposici\u00f3n a contaminantes y permite la simulaci\u00f3n de escenarios para evaluar estrategias de intervenci\u00f3n y cumplimiento normativo.<\/p>\n","protected":false},"featured_media":903,"template":"","meta":{"_acf_changed":false},"product_cat":[2579],"product_tag":[5136,6533,5247,6534,6537,6538,6532,4074,6536,6535,2578],"class_list":{"0":"post-3027","1":"product","2":"type-product","3":"status-publish","4":"has-post-thumbnail","6":"product_cat-naturaleza-y-recursos","7":"product_tag-calidad-del-aire","8":"product_tag-contaminacion-atmosferica","9":"product_tag-diagnostico-ambiental","10":"product_tag-gestion-de-emisiones","11":"product_tag-impacto-en-la-salud","12":"product_tag-mitigacion-de-contaminantes","13":"product_tag-modelado-atmosferico","14":"product_tag-monitoreo-ambiental","15":"product_tag-normativa-ambiental","16":"product_tag-simulacion-de-escenarios","17":"product_tag-tecnnova","19":"first","20":"instock","21":"shipping-taxable","22":"product-type-simple"},"acf":[],"yoast_head":"<!-- This site is optimized with the Yoast SEO plugin v23.3 - https:\/\/yoast.com\/wordpress\/plugins\/seo\/ -->\n<title>Analizar y diagnosticar la calidad del aire mediante modelos de calidad del aire para identificar fuentes de contaminaci\u00f3n, evaluar su impacto y dise\u00f1ar estrategias de mitigaci\u00f3n y control - Portafolio de capacidades - Tecnnova<\/title>\n<meta name=\"robots\" content=\"index, follow, max-snippet:-1, max-image-preview:large, max-video-preview:-1\" \/>\n<link rel=\"canonical\" href=\"https:\/\/tecnnova.org\/portafolio-de-capacidades\/analizar-y-diagnosticar-la-calidad-del-aire\/\" \/>\n<meta property=\"og:locale\" content=\"es_ES\" \/>\n<meta property=\"og:type\" content=\"article\" \/>\n<meta property=\"og:title\" content=\"Analizar y diagnosticar la calidad del aire mediante modelos de calidad del aire para identificar fuentes de contaminaci\u00f3n, evaluar su impacto y dise\u00f1ar estrategias de mitigaci\u00f3n y control - Portafolio de capacidades - Tecnnova\" \/>\n<meta property=\"og:description\" content=\"Esta capacidad permite una gesti\u00f3n ambiental m\u00e1s efectiva al proporcionar informaci\u00f3n precisa sobre la contaminaci\u00f3n atmosf\u00e9rica, facilitando la toma de decisiones basada en evidencia. Adem\u00e1s, optimiza la planificaci\u00f3n territorial, fortalece la salud p\u00fablica al reducir la exposici\u00f3n a contaminantes y permite la simulaci\u00f3n de escenarios para evaluar estrategias de intervenci\u00f3n y cumplimiento normativo.\" \/>\n<meta property=\"og:url\" content=\"https:\/\/tecnnova.org\/portafolio-de-capacidades\/analizar-y-diagnosticar-la-calidad-del-aire\/\" \/>\n<meta property=\"og:site_name\" content=\"Portafolio de capacidades - Tecnnova\" \/>\n<meta property=\"article:publisher\" content=\"https:\/\/www.facebook.com\/Tecnnova_UEE-637591033015381\" \/>\n<meta property=\"og:image\" content=\"https:\/\/tecnnova.org\/portafolio-de-capacidades\/wp-content\/uploads\/2024\/08\/iconnaturalezayrecursos.png\" \/>\n\t<meta property=\"og:image:width\" content=\"100\" \/>\n\t<meta property=\"og:image:height\" content=\"100\" \/>\n\t<meta property=\"og:image:type\" content=\"image\/png\" \/>\n<meta name=\"twitter:card\" content=\"summary_large_image\" \/>\n<meta name=\"twitter:site\" content=\"@Tecnnova_UEE\" \/>\n<script type=\"application\/ld+json\" class=\"yoast-schema-graph\">{\"@context\":\"https:\/\/schema.org\",\"@graph\":[{\"@type\":\"WebPage\",\"@id\":\"https:\/\/tecnnova.org\/portafolio-de-capacidades\/analizar-y-diagnosticar-la-calidad-del-aire\/\",\"url\":\"https:\/\/tecnnova.org\/portafolio-de-capacidades\/analizar-y-diagnosticar-la-calidad-del-aire\/\",\"name\":\"Analizar y diagnosticar la calidad del aire mediante modelos de calidad del aire para identificar fuentes de contaminaci\u00f3n, evaluar su impacto y dise\u00f1ar estrategias de mitigaci\u00f3n y control - Portafolio de capacidades - Tecnnova\",\"isPartOf\":{\"@id\":\"https:\/\/tecnnova.org\/portafolio-de-capacidades\/#website\"},\"primaryImageOfPage\":{\"@id\":\"https:\/\/tecnnova.org\/portafolio-de-capacidades\/analizar-y-diagnosticar-la-calidad-del-aire\/#primaryimage\"},\"image\":{\"@id\":\"https:\/\/tecnnova.org\/portafolio-de-capacidades\/analizar-y-diagnosticar-la-calidad-del-aire\/#primaryimage\"},\"thumbnailUrl\":\"https:\/\/tecnnova.org\/portafolio-de-capacidades\/wp-content\/uploads\/2024\/08\/iconnaturalezayrecursos.png\",\"datePublished\":\"2025-06-03T13:58:08+00:00\",\"dateModified\":\"2025-06-03T13:58:08+00:00\",\"breadcrumb\":{\"@id\":\"https:\/\/tecnnova.org\/portafolio-de-capacidades\/analizar-y-diagnosticar-la-calidad-del-aire\/#breadcrumb\"},\"inLanguage\":\"es-CO\",\"potentialAction\":[{\"@type\":\"ReadAction\",\"target\":[\"https:\/\/tecnnova.org\/portafolio-de-capacidades\/analizar-y-diagnosticar-la-calidad-del-aire\/\"]}]},{\"@type\":\"ImageObject\",\"inLanguage\":\"es-CO\",\"@id\":\"https:\/\/tecnnova.org\/portafolio-de-capacidades\/analizar-y-diagnosticar-la-calidad-del-aire\/#primaryimage\",\"url\":\"https:\/\/tecnnova.org\/portafolio-de-capacidades\/wp-content\/uploads\/2024\/08\/iconnaturalezayrecursos.png\",\"contentUrl\":\"https:\/\/tecnnova.org\/portafolio-de-capacidades\/wp-content\/uploads\/2024\/08\/iconnaturalezayrecursos.png\",\"width\":100,\"height\":100},{\"@type\":\"BreadcrumbList\",\"@id\":\"https:\/\/tecnnova.org\/portafolio-de-capacidades\/analizar-y-diagnosticar-la-calidad-del-aire\/#breadcrumb\",\"itemListElement\":[{\"@type\":\"ListItem\",\"position\":1,\"name\":\"Inicio\",\"item\":\"https:\/\/tecnnova.org\/portafolio-de-capacidades\/\"},{\"@type\":\"ListItem\",\"position\":2,\"name\":\"Portafolio de Capacidades\",\"item\":\"https:\/\/tecnnova.org\/portafolio-de-capacidades\/\"},{\"@type\":\"ListItem\",\"position\":3,\"name\":\"Analizar y diagnosticar la calidad del aire mediante modelos de calidad del aire para identificar fuentes de contaminaci\u00f3n, evaluar su impacto y dise\u00f1ar estrategias de mitigaci\u00f3n y control\"}]},{\"@type\":\"WebSite\",\"@id\":\"https:\/\/tecnnova.org\/portafolio-de-capacidades\/#website\",\"url\":\"https:\/\/tecnnova.org\/portafolio-de-capacidades\/\",\"name\":\"Portafolio de capacidades - Tecnnova\",\"description\":\"\",\"publisher\":{\"@id\":\"https:\/\/tecnnova.org\/portafolio-de-capacidades\/#organization\"},\"potentialAction\":[{\"@type\":\"SearchAction\",\"target\":{\"@type\":\"EntryPoint\",\"urlTemplate\":\"https:\/\/tecnnova.org\/portafolio-de-capacidades\/?s={search_term_string}\"},\"query-input\":\"required name=search_term_string\"}],\"inLanguage\":\"es-CO\"},{\"@type\":\"Organization\",\"@id\":\"https:\/\/tecnnova.org\/portafolio-de-capacidades\/#organization\",\"name\":\"Portafolio de capacidades - Tecnnova\",\"url\":\"https:\/\/tecnnova.org\/portafolio-de-capacidades\/\",\"logo\":{\"@type\":\"ImageObject\",\"inLanguage\":\"es-CO\",\"@id\":\"https:\/\/tecnnova.org\/portafolio-de-capacidades\/#\/schema\/logo\/image\/\",\"url\":\"https:\/\/tecnnova.org\/portafolio-de-capacidades\/wp-content\/uploads\/2024\/07\/cropped-TECNNOVA-2022-02.png\",\"contentUrl\":\"https:\/\/tecnnova.org\/portafolio-de-capacidades\/wp-content\/uploads\/2024\/07\/cropped-TECNNOVA-2022-02.png\",\"width\":1609,\"height\":428,\"caption\":\"Portafolio de capacidades - Tecnnova\"},\"image\":{\"@id\":\"https:\/\/tecnnova.org\/portafolio-de-capacidades\/#\/schema\/logo\/image\/\"},\"sameAs\":[\"https:\/\/www.facebook.com\/Tecnnova_UEE-637591033015381\",\"https:\/\/x.com\/Tecnnova_UEE\"]}]}<\/script>\n<!-- \/ Yoast SEO plugin. -->","yoast_head_json":{"title":"Analizar y diagnosticar la calidad del aire mediante modelos de calidad del aire para identificar fuentes de contaminaci\u00f3n, evaluar su impacto y dise\u00f1ar estrategias de mitigaci\u00f3n y control - Portafolio de capacidades - Tecnnova","robots":{"index":"index","follow":"follow","max-snippet":"max-snippet:-1","max-image-preview":"max-image-preview:large","max-video-preview":"max-video-preview:-1"},"canonical":"https:\/\/tecnnova.org\/portafolio-de-capacidades\/analizar-y-diagnosticar-la-calidad-del-aire\/","og_locale":"es_ES","og_type":"article","og_title":"Analizar y diagnosticar la calidad del aire mediante modelos de calidad del aire para identificar fuentes de contaminaci\u00f3n, evaluar su impacto y dise\u00f1ar estrategias de mitigaci\u00f3n y control - Portafolio de capacidades - Tecnnova","og_description":"Esta capacidad permite una gesti\u00f3n ambiental m\u00e1s efectiva al proporcionar informaci\u00f3n precisa sobre la contaminaci\u00f3n atmosf\u00e9rica, facilitando la toma de decisiones basada en evidencia. Adem\u00e1s, optimiza la planificaci\u00f3n territorial, fortalece la salud p\u00fablica al reducir la exposici\u00f3n a contaminantes y permite la simulaci\u00f3n de escenarios para evaluar estrategias de intervenci\u00f3n y cumplimiento normativo.","og_url":"https:\/\/tecnnova.org\/portafolio-de-capacidades\/analizar-y-diagnosticar-la-calidad-del-aire\/","og_site_name":"Portafolio de capacidades - Tecnnova","article_publisher":"https:\/\/www.facebook.com\/Tecnnova_UEE-637591033015381","og_image":[{"width":100,"height":100,"url":"https:\/\/tecnnova.org\/portafolio-de-capacidades\/wp-content\/uploads\/2024\/08\/iconnaturalezayrecursos.png","type":"image\/png"}],"twitter_card":"summary_large_image","twitter_site":"@Tecnnova_UEE","schema":{"@context":"https:\/\/schema.org","@graph":[{"@type":"WebPage","@id":"https:\/\/tecnnova.org\/portafolio-de-capacidades\/analizar-y-diagnosticar-la-calidad-del-aire\/","url":"https:\/\/tecnnova.org\/portafolio-de-capacidades\/analizar-y-diagnosticar-la-calidad-del-aire\/","name":"Analizar y diagnosticar la calidad del aire mediante modelos de calidad del aire para identificar fuentes de contaminaci\u00f3n, evaluar su impacto y dise\u00f1ar estrategias de mitigaci\u00f3n y control - Portafolio de capacidades - Tecnnova","isPartOf":{"@id":"https:\/\/tecnnova.org\/portafolio-de-capacidades\/#website"},"primaryImageOfPage":{"@id":"https:\/\/tecnnova.org\/portafolio-de-capacidades\/analizar-y-diagnosticar-la-calidad-del-aire\/#primaryimage"},"image":{"@id":"https:\/\/tecnnova.org\/portafolio-de-capacidades\/analizar-y-diagnosticar-la-calidad-del-aire\/#primaryimage"},"thumbnailUrl":"https:\/\/tecnnova.org\/portafolio-de-capacidades\/wp-content\/uploads\/2024\/08\/iconnaturalezayrecursos.png","datePublished":"2025-06-03T13:58:08+00:00","dateModified":"2025-06-03T13:58:08+00:00","breadcrumb":{"@id":"https:\/\/tecnnova.org\/portafolio-de-capacidades\/analizar-y-diagnosticar-la-calidad-del-aire\/#breadcrumb"},"inLanguage":"es-CO","potentialAction":[{"@type":"ReadAction","target":["https:\/\/tecnnova.org\/portafolio-de-capacidades\/analizar-y-diagnosticar-la-calidad-del-aire\/"]}]},{"@type":"ImageObject","inLanguage":"es-CO","@id":"https:\/\/tecnnova.org\/portafolio-de-capacidades\/analizar-y-diagnosticar-la-calidad-del-aire\/#primaryimage","url":"https:\/\/tecnnova.org\/portafolio-de-capacidades\/wp-content\/uploads\/2024\/08\/iconnaturalezayrecursos.png","contentUrl":"https:\/\/tecnnova.org\/portafolio-de-capacidades\/wp-content\/uploads\/2024\/08\/iconnaturalezayrecursos.png","width":100,"height":100},{"@type":"BreadcrumbList","@id":"https:\/\/tecnnova.org\/portafolio-de-capacidades\/analizar-y-diagnosticar-la-calidad-del-aire\/#breadcrumb","itemListElement":[{"@type":"ListItem","position":1,"name":"Inicio","item":"https:\/\/tecnnova.org\/portafolio-de-capacidades\/"},{"@type":"ListItem","position":2,"name":"Portafolio de Capacidades","item":"https:\/\/tecnnova.org\/portafolio-de-capacidades\/"},{"@type":"ListItem","position":3,"name":"Analizar y diagnosticar la calidad del aire mediante modelos de calidad del aire para identificar fuentes de contaminaci\u00f3n, evaluar su impacto y dise\u00f1ar estrategias de mitigaci\u00f3n y control"}]},{"@type":"WebSite","@id":"https:\/\/tecnnova.org\/portafolio-de-capacidades\/#website","url":"https:\/\/tecnnova.org\/portafolio-de-capacidades\/","name":"Portafolio de capacidades - Tecnnova","description":"","publisher":{"@id":"https:\/\/tecnnova.org\/portafolio-de-capacidades\/#organization"},"potentialAction":[{"@type":"SearchAction","target":{"@type":"EntryPoint","urlTemplate":"https:\/\/tecnnova.org\/portafolio-de-capacidades\/?s={search_term_string}"},"query-input":"required name=search_term_string"}],"inLanguage":"es-CO"},{"@type":"Organization","@id":"https:\/\/tecnnova.org\/portafolio-de-capacidades\/#organization","name":"Portafolio de capacidades - Tecnnova","url":"https:\/\/tecnnova.org\/portafolio-de-capacidades\/","logo":{"@type":"ImageObject","inLanguage":"es-CO","@id":"https:\/\/tecnnova.org\/portafolio-de-capacidades\/#\/schema\/logo\/image\/","url":"https:\/\/tecnnova.org\/portafolio-de-capacidades\/wp-content\/uploads\/2024\/07\/cropped-TECNNOVA-2022-02.png","contentUrl":"https:\/\/tecnnova.org\/portafolio-de-capacidades\/wp-content\/uploads\/2024\/07\/cropped-TECNNOVA-2022-02.png","width":1609,"height":428,"caption":"Portafolio de capacidades - Tecnnova"},"image":{"@id":"https:\/\/tecnnova.org\/portafolio-de-capacidades\/#\/schema\/logo\/image\/"},"sameAs":["https:\/\/www.facebook.com\/Tecnnova_UEE-637591033015381","https:\/\/x.com\/Tecnnova_UEE"]}]}},"_links":{"self":[{"href":"https:\/\/tecnnova.org\/portafolio-de-capacidades\/wp-json\/wp\/v2\/product\/3027","targetHints":{"allow":["GET"]}}],"collection":[{"href":"https:\/\/tecnnova.org\/portafolio-de-capacidades\/wp-json\/wp\/v2\/product"}],"about":[{"href":"https:\/\/tecnnova.org\/portafolio-de-capacidades\/wp-json\/wp\/v2\/types\/product"}],"version-history":[{"count":1,"href":"https:\/\/tecnnova.org\/portafolio-de-capacidades\/wp-json\/wp\/v2\/product\/3027\/revisions"}],"predecessor-version":[{"id":3028,"href":"https:\/\/tecnnova.org\/portafolio-de-capacidades\/wp-json\/wp\/v2\/product\/3027\/revisions\/3028"}],"wp:featuredmedia":[{"embeddable":true,"href":"https:\/\/tecnnova.org\/portafolio-de-capacidades\/wp-json\/wp\/v2\/media\/903"}],"wp:attachment":[{"href":"https:\/\/tecnnova.org\/portafolio-de-capacidades\/wp-json\/wp\/v2\/media?parent=3027"}],"wp:term":[{"taxonomy":"product_cat","embeddable":true,"href":"https:\/\/tecnnova.org\/portafolio-de-capacidades\/wp-json\/wp\/v2\/product_cat?post=3027"},{"taxonomy":"product_tag","embeddable":true,"href":"https:\/\/tecnnova.org\/portafolio-de-capacidades\/wp-json\/wp\/v2\/product_tag?post=3027"}],"curies":[{"name":"wp","href":"https:\/\/api.w.org\/{rel}","templated":true}]}}