{"id":4117,"date":"2025-09-26T08:55:25","date_gmt":"2025-09-26T13:55:25","guid":{"rendered":"https:\/\/tecnnova.org\/portafolio-de-capacidades\/?post_type=product&#038;p=4117"},"modified":"2025-09-26T08:55:25","modified_gmt":"2025-09-26T13:55:25","slug":"disenar-y-desarrollar-servicios-y-productos-que-promuevan-la-formacion-en-odontologia-proveyendo-mejores-herramientas-de-simulacion","status":"publish","type":"product","link":"https:\/\/tecnnova.org\/portafolio-de-capacidades\/tienda\/salud-y-vida\/disenar-y-desarrollar-servicios-y-productos-que-promuevan-la-formacion-en-odontologia-proveyendo-mejores-herramientas-de-simulacion\/","title":{"rendered":"Dise\u00f1ar y desarrollar servicios y productos que promuevan la formaci\u00f3n en odontolog\u00eda, proveyendo mejores herramientas de simulaci\u00f3n"},"content":{"rendered":"<p>Simulaci\u00f3n en odontolog\u00eda, desde la incorporaci\u00f3n e innovaci\u00f3n educativa para los programas de odontolog\u00eda y el desarrollo a la medida de soluciones para el entrenamiento efectivo del personal odontol\u00f3gico.<\/p>\n<p>Reducir errores en los tratamientos odontol\u00f3gicos por odont\u00f3logos con poca pr\u00e1ctica (se estima que el 30% de los tratamientos en pacientes que fallan es por vac\u00edos en el entrenamiento previo a la atenci\u00f3n de los pacientes)<\/p>\n<ul>\n<li class=\"ewa-rteLine\">Dise\u00f1ar y desarrollar servicios y productos que promuevan la formaci\u00f3n en odontolog\u00eda, proveyendo mejores herramientas de simulaci\u00f3n<\/li>\n<li class=\"ewa-rteLine\">Buscan innovar en la educaci\u00f3n en odontolog\u00eda<\/li>\n<\/ul>\n","protected":false},"excerpt":{"rendered":"<p>Simulaci\u00f3n en odontolog\u00eda, desde la incorporaci\u00f3n e innovaci\u00f3n educativa para los programas de odontolog\u00eda y el desarrollo a la medida de soluciones para el entrenamiento efectivo del personal odontol\u00f3gico. Reducir errores en los tratamientos odontol\u00f3gicos por odont\u00f3logos con poca pr\u00e1ctica (se estima que el 30% de los tratamientos en pacientes que fallan es por vac\u00edos [&hellip;]<\/p>\n","protected":false},"featured_media":902,"template":"","meta":{"_acf_changed":false},"product_cat":[2566],"product_tag":[5993,6630,2966,6629,2703,2578],"class_list":{"0":"post-4117","1":"product","2":"type-product","3":"status-publish","4":"has-post-thumbnail","6":"product_cat-salud-y-vida","7":"product_tag-capacidades","8":"product_tag-ces","9":"product_tag-odontologia","10":"product_tag-practica-medica","11":"product_tag-salud","12":"product_tag-tecnnova","14":"first","15":"instock","16":"shipping-taxable","17":"product-type-simple"},"acf":[],"yoast_head":"<!-- This site is optimized with the Yoast SEO plugin v23.3 - https:\/\/yoast.com\/wordpress\/plugins\/seo\/ -->\n<title>Dise\u00f1ar y desarrollar servicios y productos que promuevan la formaci\u00f3n en odontolog\u00eda, proveyendo mejores herramientas de simulaci\u00f3n - Portafolio de capacidades - Tecnnova<\/title>\n<meta name=\"robots\" content=\"index, follow, max-snippet:-1, max-image-preview:large, max-video-preview:-1\" \/>\n<link rel=\"canonical\" href=\"https:\/\/tecnnova.org\/portafolio-de-capacidades\/tienda\/salud-y-vida\/disenar-y-desarrollar-servicios-y-productos-que-promuevan-la-formacion-en-odontologia-proveyendo-mejores-herramientas-de-simulacion\/\" \/>\n<meta property=\"og:locale\" content=\"es_ES\" \/>\n<meta property=\"og:type\" content=\"article\" \/>\n<meta property=\"og:title\" content=\"Dise\u00f1ar y desarrollar servicios y productos que promuevan la formaci\u00f3n en odontolog\u00eda, proveyendo mejores herramientas de simulaci\u00f3n - Portafolio de capacidades - Tecnnova\" \/>\n<meta property=\"og:description\" content=\"Simulaci\u00f3n en odontolog\u00eda, desde la incorporaci\u00f3n e innovaci\u00f3n educativa para los programas de odontolog\u00eda y el desarrollo a la medida de soluciones para el entrenamiento efectivo del personal odontol\u00f3gico. Reducir errores en los tratamientos odontol\u00f3gicos por odont\u00f3logos con poca pr\u00e1ctica (se estima que el 30% de los tratamientos en pacientes que fallan es por vac\u00edos [&hellip;]\" \/>\n<meta property=\"og:url\" content=\"https:\/\/tecnnova.org\/portafolio-de-capacidades\/tienda\/salud-y-vida\/disenar-y-desarrollar-servicios-y-productos-que-promuevan-la-formacion-en-odontologia-proveyendo-mejores-herramientas-de-simulacion\/\" \/>\n<meta property=\"og:site_name\" content=\"Portafolio de capacidades - Tecnnova\" \/>\n<meta property=\"article:publisher\" content=\"https:\/\/www.facebook.com\/Tecnnova_UEE-637591033015381\" \/>\n<meta property=\"og:image\" content=\"https:\/\/tecnnova.org\/portafolio-de-capacidades\/wp-content\/uploads\/2024\/08\/iconsaludyvida.png\" \/>\n\t<meta property=\"og:image:width\" content=\"100\" \/>\n\t<meta property=\"og:image:height\" content=\"100\" \/>\n\t<meta property=\"og:image:type\" content=\"image\/png\" \/>\n<meta name=\"twitter:card\" content=\"summary_large_image\" \/>\n<meta name=\"twitter:site\" content=\"@Tecnnova_UEE\" \/>\n<meta name=\"twitter:label1\" content=\"Tiempo de lectura\" \/>\n\t<meta name=\"twitter:data1\" content=\"1 minuto\" \/>\n<script type=\"application\/ld+json\" class=\"yoast-schema-graph\">{\"@context\":\"https:\/\/schema.org\",\"@graph\":[{\"@type\":\"WebPage\",\"@id\":\"https:\/\/tecnnova.org\/portafolio-de-capacidades\/tienda\/salud-y-vida\/disenar-y-desarrollar-servicios-y-productos-que-promuevan-la-formacion-en-odontologia-proveyendo-mejores-herramientas-de-simulacion\/\",\"url\":\"https:\/\/tecnnova.org\/portafolio-de-capacidades\/tienda\/salud-y-vida\/disenar-y-desarrollar-servicios-y-productos-que-promuevan-la-formacion-en-odontologia-proveyendo-mejores-herramientas-de-simulacion\/\",\"name\":\"Dise\u00f1ar y desarrollar servicios y productos que promuevan la formaci\u00f3n en odontolog\u00eda, proveyendo mejores herramientas de simulaci\u00f3n - Portafolio de capacidades - Tecnnova\",\"isPartOf\":{\"@id\":\"https:\/\/tecnnova.org\/portafolio-de-capacidades\/#website\"},\"primaryImageOfPage\":{\"@id\":\"https:\/\/tecnnova.org\/portafolio-de-capacidades\/tienda\/salud-y-vida\/disenar-y-desarrollar-servicios-y-productos-que-promuevan-la-formacion-en-odontologia-proveyendo-mejores-herramientas-de-simulacion\/#primaryimage\"},\"image\":{\"@id\":\"https:\/\/tecnnova.org\/portafolio-de-capacidades\/tienda\/salud-y-vida\/disenar-y-desarrollar-servicios-y-productos-que-promuevan-la-formacion-en-odontologia-proveyendo-mejores-herramientas-de-simulacion\/#primaryimage\"},\"thumbnailUrl\":\"https:\/\/tecnnova.org\/portafolio-de-capacidades\/wp-content\/uploads\/2024\/08\/iconsaludyvida.png\",\"datePublished\":\"2025-09-26T13:55:25+00:00\",\"dateModified\":\"2025-09-26T13:55:25+00:00\",\"breadcrumb\":{\"@id\":\"https:\/\/tecnnova.org\/portafolio-de-capacidades\/tienda\/salud-y-vida\/disenar-y-desarrollar-servicios-y-productos-que-promuevan-la-formacion-en-odontologia-proveyendo-mejores-herramientas-de-simulacion\/#breadcrumb\"},\"inLanguage\":\"es-CO\",\"potentialAction\":[{\"@type\":\"ReadAction\",\"target\":[\"https:\/\/tecnnova.org\/portafolio-de-capacidades\/tienda\/salud-y-vida\/disenar-y-desarrollar-servicios-y-productos-que-promuevan-la-formacion-en-odontologia-proveyendo-mejores-herramientas-de-simulacion\/\"]}]},{\"@type\":\"ImageObject\",\"inLanguage\":\"es-CO\",\"@id\":\"https:\/\/tecnnova.org\/portafolio-de-capacidades\/tienda\/salud-y-vida\/disenar-y-desarrollar-servicios-y-productos-que-promuevan-la-formacion-en-odontologia-proveyendo-mejores-herramientas-de-simulacion\/#primaryimage\",\"url\":\"https:\/\/tecnnova.org\/portafolio-de-capacidades\/wp-content\/uploads\/2024\/08\/iconsaludyvida.png\",\"contentUrl\":\"https:\/\/tecnnova.org\/portafolio-de-capacidades\/wp-content\/uploads\/2024\/08\/iconsaludyvida.png\",\"width\":100,\"height\":100},{\"@type\":\"BreadcrumbList\",\"@id\":\"https:\/\/tecnnova.org\/portafolio-de-capacidades\/tienda\/salud-y-vida\/disenar-y-desarrollar-servicios-y-productos-que-promuevan-la-formacion-en-odontologia-proveyendo-mejores-herramientas-de-simulacion\/#breadcrumb\",\"itemListElement\":[{\"@type\":\"ListItem\",\"position\":1,\"name\":\"Inicio\",\"item\":\"https:\/\/tecnnova.org\/portafolio-de-capacidades\/\"},{\"@type\":\"ListItem\",\"position\":2,\"name\":\"Portafolio de Capacidades\",\"item\":\"https:\/\/tecnnova.org\/portafolio-de-capacidades\/\"},{\"@type\":\"ListItem\",\"position\":3,\"name\":\"Dise\u00f1ar y desarrollar servicios y productos que promuevan la formaci\u00f3n en odontolog\u00eda, proveyendo mejores herramientas de simulaci\u00f3n\"}]},{\"@type\":\"WebSite\",\"@id\":\"https:\/\/tecnnova.org\/portafolio-de-capacidades\/#website\",\"url\":\"https:\/\/tecnnova.org\/portafolio-de-capacidades\/\",\"name\":\"Portafolio de capacidades - Tecnnova\",\"description\":\"\",\"publisher\":{\"@id\":\"https:\/\/tecnnova.org\/portafolio-de-capacidades\/#organization\"},\"potentialAction\":[{\"@type\":\"SearchAction\",\"target\":{\"@type\":\"EntryPoint\",\"urlTemplate\":\"https:\/\/tecnnova.org\/portafolio-de-capacidades\/?s={search_term_string}\"},\"query-input\":\"required name=search_term_string\"}],\"inLanguage\":\"es-CO\"},{\"@type\":\"Organization\",\"@id\":\"https:\/\/tecnnova.org\/portafolio-de-capacidades\/#organization\",\"name\":\"Portafolio de capacidades - Tecnnova\",\"url\":\"https:\/\/tecnnova.org\/portafolio-de-capacidades\/\",\"logo\":{\"@type\":\"ImageObject\",\"inLanguage\":\"es-CO\",\"@id\":\"https:\/\/tecnnova.org\/portafolio-de-capacidades\/#\/schema\/logo\/image\/\",\"url\":\"https:\/\/tecnnova.org\/portafolio-de-capacidades\/wp-content\/uploads\/2024\/07\/cropped-TECNNOVA-2022-02.png\",\"contentUrl\":\"https:\/\/tecnnova.org\/portafolio-de-capacidades\/wp-content\/uploads\/2024\/07\/cropped-TECNNOVA-2022-02.png\",\"width\":1609,\"height\":428,\"caption\":\"Portafolio de capacidades - Tecnnova\"},\"image\":{\"@id\":\"https:\/\/tecnnova.org\/portafolio-de-capacidades\/#\/schema\/logo\/image\/\"},\"sameAs\":[\"https:\/\/www.facebook.com\/Tecnnova_UEE-637591033015381\",\"https:\/\/x.com\/Tecnnova_UEE\"]}]}<\/script>\n<!-- \/ Yoast SEO plugin. -->","yoast_head_json":{"title":"Dise\u00f1ar y desarrollar servicios y productos que promuevan la formaci\u00f3n en odontolog\u00eda, proveyendo mejores herramientas de simulaci\u00f3n - Portafolio de capacidades - Tecnnova","robots":{"index":"index","follow":"follow","max-snippet":"max-snippet:-1","max-image-preview":"max-image-preview:large","max-video-preview":"max-video-preview:-1"},"canonical":"https:\/\/tecnnova.org\/portafolio-de-capacidades\/tienda\/salud-y-vida\/disenar-y-desarrollar-servicios-y-productos-que-promuevan-la-formacion-en-odontologia-proveyendo-mejores-herramientas-de-simulacion\/","og_locale":"es_ES","og_type":"article","og_title":"Dise\u00f1ar y desarrollar servicios y productos que promuevan la formaci\u00f3n en odontolog\u00eda, proveyendo mejores herramientas de simulaci\u00f3n - Portafolio de capacidades - Tecnnova","og_description":"Simulaci\u00f3n en odontolog\u00eda, desde la incorporaci\u00f3n e innovaci\u00f3n educativa para los programas de odontolog\u00eda y el desarrollo a la medida de soluciones para el entrenamiento efectivo del personal odontol\u00f3gico. Reducir errores en los tratamientos odontol\u00f3gicos por odont\u00f3logos con poca pr\u00e1ctica (se estima que el 30% de los tratamientos en pacientes que fallan es por vac\u00edos [&hellip;]","og_url":"https:\/\/tecnnova.org\/portafolio-de-capacidades\/tienda\/salud-y-vida\/disenar-y-desarrollar-servicios-y-productos-que-promuevan-la-formacion-en-odontologia-proveyendo-mejores-herramientas-de-simulacion\/","og_site_name":"Portafolio de capacidades - Tecnnova","article_publisher":"https:\/\/www.facebook.com\/Tecnnova_UEE-637591033015381","og_image":[{"width":100,"height":100,"url":"https:\/\/tecnnova.org\/portafolio-de-capacidades\/wp-content\/uploads\/2024\/08\/iconsaludyvida.png","type":"image\/png"}],"twitter_card":"summary_large_image","twitter_site":"@Tecnnova_UEE","twitter_misc":{"Tiempo de lectura":"1 minuto"},"schema":{"@context":"https:\/\/schema.org","@graph":[{"@type":"WebPage","@id":"https:\/\/tecnnova.org\/portafolio-de-capacidades\/tienda\/salud-y-vida\/disenar-y-desarrollar-servicios-y-productos-que-promuevan-la-formacion-en-odontologia-proveyendo-mejores-herramientas-de-simulacion\/","url":"https:\/\/tecnnova.org\/portafolio-de-capacidades\/tienda\/salud-y-vida\/disenar-y-desarrollar-servicios-y-productos-que-promuevan-la-formacion-en-odontologia-proveyendo-mejores-herramientas-de-simulacion\/","name":"Dise\u00f1ar y desarrollar servicios y productos que promuevan la formaci\u00f3n en odontolog\u00eda, proveyendo mejores herramientas de simulaci\u00f3n - Portafolio de capacidades - Tecnnova","isPartOf":{"@id":"https:\/\/tecnnova.org\/portafolio-de-capacidades\/#website"},"primaryImageOfPage":{"@id":"https:\/\/tecnnova.org\/portafolio-de-capacidades\/tienda\/salud-y-vida\/disenar-y-desarrollar-servicios-y-productos-que-promuevan-la-formacion-en-odontologia-proveyendo-mejores-herramientas-de-simulacion\/#primaryimage"},"image":{"@id":"https:\/\/tecnnova.org\/portafolio-de-capacidades\/tienda\/salud-y-vida\/disenar-y-desarrollar-servicios-y-productos-que-promuevan-la-formacion-en-odontologia-proveyendo-mejores-herramientas-de-simulacion\/#primaryimage"},"thumbnailUrl":"https:\/\/tecnnova.org\/portafolio-de-capacidades\/wp-content\/uploads\/2024\/08\/iconsaludyvida.png","datePublished":"2025-09-26T13:55:25+00:00","dateModified":"2025-09-26T13:55:25+00:00","breadcrumb":{"@id":"https:\/\/tecnnova.org\/portafolio-de-capacidades\/tienda\/salud-y-vida\/disenar-y-desarrollar-servicios-y-productos-que-promuevan-la-formacion-en-odontologia-proveyendo-mejores-herramientas-de-simulacion\/#breadcrumb"},"inLanguage":"es-CO","potentialAction":[{"@type":"ReadAction","target":["https:\/\/tecnnova.org\/portafolio-de-capacidades\/tienda\/salud-y-vida\/disenar-y-desarrollar-servicios-y-productos-que-promuevan-la-formacion-en-odontologia-proveyendo-mejores-herramientas-de-simulacion\/"]}]},{"@type":"ImageObject","inLanguage":"es-CO","@id":"https:\/\/tecnnova.org\/portafolio-de-capacidades\/tienda\/salud-y-vida\/disenar-y-desarrollar-servicios-y-productos-que-promuevan-la-formacion-en-odontologia-proveyendo-mejores-herramientas-de-simulacion\/#primaryimage","url":"https:\/\/tecnnova.org\/portafolio-de-capacidades\/wp-content\/uploads\/2024\/08\/iconsaludyvida.png","contentUrl":"https:\/\/tecnnova.org\/portafolio-de-capacidades\/wp-content\/uploads\/2024\/08\/iconsaludyvida.png","width":100,"height":100},{"@type":"BreadcrumbList","@id":"https:\/\/tecnnova.org\/portafolio-de-capacidades\/tienda\/salud-y-vida\/disenar-y-desarrollar-servicios-y-productos-que-promuevan-la-formacion-en-odontologia-proveyendo-mejores-herramientas-de-simulacion\/#breadcrumb","itemListElement":[{"@type":"ListItem","position":1,"name":"Inicio","item":"https:\/\/tecnnova.org\/portafolio-de-capacidades\/"},{"@type":"ListItem","position":2,"name":"Portafolio de Capacidades","item":"https:\/\/tecnnova.org\/portafolio-de-capacidades\/"},{"@type":"ListItem","position":3,"name":"Dise\u00f1ar y desarrollar servicios y productos que promuevan la formaci\u00f3n en odontolog\u00eda, proveyendo mejores herramientas de simulaci\u00f3n"}]},{"@type":"WebSite","@id":"https:\/\/tecnnova.org\/portafolio-de-capacidades\/#website","url":"https:\/\/tecnnova.org\/portafolio-de-capacidades\/","name":"Portafolio de capacidades - Tecnnova","description":"","publisher":{"@id":"https:\/\/tecnnova.org\/portafolio-de-capacidades\/#organization"},"potentialAction":[{"@type":"SearchAction","target":{"@type":"EntryPoint","urlTemplate":"https:\/\/tecnnova.org\/portafolio-de-capacidades\/?s={search_term_string}"},"query-input":"required name=search_term_string"}],"inLanguage":"es-CO"},{"@type":"Organization","@id":"https:\/\/tecnnova.org\/portafolio-de-capacidades\/#organization","name":"Portafolio de capacidades - Tecnnova","url":"https:\/\/tecnnova.org\/portafolio-de-capacidades\/","logo":{"@type":"ImageObject","inLanguage":"es-CO","@id":"https:\/\/tecnnova.org\/portafolio-de-capacidades\/#\/schema\/logo\/image\/","url":"https:\/\/tecnnova.org\/portafolio-de-capacidades\/wp-content\/uploads\/2024\/07\/cropped-TECNNOVA-2022-02.png","contentUrl":"https:\/\/tecnnova.org\/portafolio-de-capacidades\/wp-content\/uploads\/2024\/07\/cropped-TECNNOVA-2022-02.png","width":1609,"height":428,"caption":"Portafolio de capacidades - Tecnnova"},"image":{"@id":"https:\/\/tecnnova.org\/portafolio-de-capacidades\/#\/schema\/logo\/image\/"},"sameAs":["https:\/\/www.facebook.com\/Tecnnova_UEE-637591033015381","https:\/\/x.com\/Tecnnova_UEE"]}]}},"_links":{"self":[{"href":"https:\/\/tecnnova.org\/portafolio-de-capacidades\/wp-json\/wp\/v2\/product\/4117","targetHints":{"allow":["GET"]}}],"collection":[{"href":"https:\/\/tecnnova.org\/portafolio-de-capacidades\/wp-json\/wp\/v2\/product"}],"about":[{"href":"https:\/\/tecnnova.org\/portafolio-de-capacidades\/wp-json\/wp\/v2\/types\/product"}],"version-history":[{"count":2,"href":"https:\/\/tecnnova.org\/portafolio-de-capacidades\/wp-json\/wp\/v2\/product\/4117\/revisions"}],"predecessor-version":[{"id":4119,"href":"https:\/\/tecnnova.org\/portafolio-de-capacidades\/wp-json\/wp\/v2\/product\/4117\/revisions\/4119"}],"wp:featuredmedia":[{"embeddable":true,"href":"https:\/\/tecnnova.org\/portafolio-de-capacidades\/wp-json\/wp\/v2\/media\/902"}],"wp:attachment":[{"href":"https:\/\/tecnnova.org\/portafolio-de-capacidades\/wp-json\/wp\/v2\/media?parent=4117"}],"wp:term":[{"taxonomy":"product_cat","embeddable":true,"href":"https:\/\/tecnnova.org\/portafolio-de-capacidades\/wp-json\/wp\/v2\/product_cat?post=4117"},{"taxonomy":"product_tag","embeddable":true,"href":"https:\/\/tecnnova.org\/portafolio-de-capacidades\/wp-json\/wp\/v2\/product_tag?post=4117"}],"curies":[{"name":"wp","href":"https:\/\/api.w.org\/{rel}","templated":true}]}}